{"id":89,"date":"2018-01-11T19:57:20","date_gmt":"2018-01-11T18:57:20","guid":{"rendered":"http:\/\/michelcremerfoundation.eu\/?page_id=89"},"modified":"2018-04-16T11:27:12","modified_gmt":"2018-04-16T09:27:12","slug":"nos-missions","status":"publish","type":"page","link":"https:\/\/michelcremerfoundation.eu\/index.php\/nos-missions\/","title":{"rendered":"Nos missions"},"content":{"rendered":"<p style=\"text-align: justify;\">La Fondation Michel Cremer a pour mission de <strong>promouvoir dans un but d\u00e9sint\u00e9ress\u00e9<\/strong> et dans un esprit de neutralit\u00e9 philosophique et politique, <strong>la recherche de pointe en endoscopie.<\/strong><\/p>\n<p><strong><img fetchpriority=\"high\" decoding=\"async\" class=\"alignright size-medium wp-image-22\" src=\"https:\/\/fondationmichelcremer.files.wordpress.com\/2018\/01\/gastro-215dsc_5288-copie.jpg?w=398\" alt=\"Gastro-215DSC_5288 - copie\" width=\"199\" height=\"300\" \/><\/strong><\/p>\n<p style=\"text-align: justify;\">Elle <strong>soutient notamment<\/strong> :<\/p>\n<ul>\n<li style=\"text-align: justify;\">la recherche appliqu\u00e9e et <strong>transdisciplinaire, en collaboration<\/strong> <strong>avec les m\u00e9decins, les ing\u00e9nieurs et autres scientifiques,<\/strong> afin de<strong> concevoir et d\u00e9velopper de nouveaux instruments<\/strong> et de nouvelles proc\u00e9dures de chirurgie par les voies naturelles,<\/li>\n<li style=\"text-align: justify;\">la recherche en endoscopie m\u00e9tabolique, <strong>pour traiter des maladies comme le diab\u00e8te ou la NASH<\/strong> (\u00ab\u00a0foie gras\u00a0\u00bb, stade pr\u00e9curseur de la cirrhose)<\/li>\n<li style=\"text-align: justify;\">la recherche au b\u00e9n\u00e9fice des patients sur les indications de niche <strong>pour soigner les maladies rares<\/strong> non prises en charge<\/li>\n<li style=\"text-align: justify;\"><strong>l\u2019impl\u00e9mentation de ces technologies, <\/strong>en particulier dans des<strong> r\u00e9gions moins\u00a0favoris\u00e9es.<\/strong><\/li>\n<\/ul>\n","protected":false},"excerpt":{"rendered":"<p>La Fondation Michel Cremer a pour mission de promouvoir dans un but d\u00e9sint\u00e9ress\u00e9 et dans un esprit de neutralit\u00e9 philosophique et politique, la recherche de pointe en endoscopie. Elle soutient notamment : la recherche appliqu\u00e9e et transdisciplinaire, en collaboration avec les m\u00e9decins, les ing\u00e9nieurs et autres scientifiques, afin de concevoir et d\u00e9velopper de nouveaux instruments et de nouvelles proc\u00e9dures de chirurgie par les voies naturelles, la recherche en endoscopie m\u00e9tabolique, pour traiter des maladies comme le diab\u00e8te ou la NASH (\u00ab\u00a0foie gras\u00a0\u00bb, stade pr\u00e9curseur de la cirrhose) la recherche au b\u00e9n\u00e9fice des patients sur les indications de niche pour soigner les maladies rares non prises en charge l\u2019impl\u00e9mentation de ces technologies, en particulier dans des r\u00e9gions moins\u00a0favoris\u00e9es.<\/p>\n","protected":false},"author":1,"featured_media":0,"parent":0,"menu_order":0,"comment_status":"closed","ping_status":"closed","template":"","meta":{"give_campaign_id":0,"footnotes":""},"class_list":["post-89","page","type-page","status-publish","hentry"],"yoast_head":"<!-- This site is optimized with the Yoast SEO plugin v27.5 - https:\/\/yoast.com\/product\/yoast-seo-wordpress\/ -->\n<title>Nos missions - Fondation Michel Cremer<\/title>\n<meta name=\"robots\" content=\"index, follow, max-snippet:-1, max-image-preview:large, max-video-preview:-1\" \/>\n<link rel=\"canonical\" href=\"https:\/\/michelcremerfoundation.eu\/index.php\/nos-missions\/\" \/>\n<meta property=\"og:locale\" content=\"fr_FR\" \/>\n<meta property=\"og:type\" content=\"article\" \/>\n<meta property=\"og:title\" content=\"Nos missions - Fondation Michel Cremer\" \/>\n<meta property=\"og:description\" content=\"La Fondation Michel Cremer a pour mission de promouvoir dans un but d\u00e9sint\u00e9ress\u00e9 et dans un esprit de neutralit\u00e9 philosophique et politique, la recherche de pointe en endoscopie. Elle soutient notamment : la recherche appliqu\u00e9e et transdisciplinaire, en collaboration avec les m\u00e9decins, les ing\u00e9nieurs et autres scientifiques, afin de concevoir et d\u00e9velopper de nouveaux instruments et de nouvelles proc\u00e9dures de chirurgie par les voies naturelles, la recherche en endoscopie m\u00e9tabolique, pour traiter des maladies comme le diab\u00e8te ou la NASH (\u00ab\u00a0foie gras\u00a0\u00bb, stade pr\u00e9curseur de la cirrhose) la recherche au b\u00e9n\u00e9fice des patients sur les indications de niche pour soigner les maladies rares non prises en charge l\u2019impl\u00e9mentation de ces technologies, en particulier dans des r\u00e9gions moins\u00a0favoris\u00e9es.\" \/>\n<meta property=\"og:url\" content=\"https:\/\/michelcremerfoundation.eu\/index.php\/nos-missions\/\" \/>\n<meta property=\"og:site_name\" content=\"Fondation Michel Cremer\" \/>\n<meta property=\"article:publisher\" content=\"https:\/\/www.facebook.com\/fondationmichelcremer\" \/>\n<meta property=\"article:modified_time\" content=\"2018-04-16T09:27:12+00:00\" \/>\n<meta property=\"og:image\" content=\"https:\/\/fondationmichelcremer.files.wordpress.com\/2018\/01\/gastro-215dsc_5288-copie.jpg?w=398\" \/>\n<meta name=\"twitter:card\" content=\"summary_large_image\" \/>\n<meta name=\"twitter:label1\" content=\"Dur\u00e9e de lecture estim\u00e9e\" \/>\n\t<meta name=\"twitter:data1\" content=\"1 minute\" \/>\n<script type=\"application\/ld+json\" class=\"yoast-schema-graph\">{\"@context\":\"https:\\\/\\\/schema.org\",\"@graph\":[{\"@type\":\"WebPage\",\"@id\":\"https:\\\/\\\/michelcremerfoundation.eu\\\/index.php\\\/nos-missions\\\/\",\"url\":\"https:\\\/\\\/michelcremerfoundation.eu\\\/index.php\\\/nos-missions\\\/\",\"name\":\"Nos missions - Fondation Michel Cremer\",\"isPartOf\":{\"@id\":\"https:\\\/\\\/michelcremerfoundation.eu\\\/#website\"},\"primaryImageOfPage\":{\"@id\":\"https:\\\/\\\/michelcremerfoundation.eu\\\/index.php\\\/nos-missions\\\/#primaryimage\"},\"image\":{\"@id\":\"https:\\\/\\\/michelcremerfoundation.eu\\\/index.php\\\/nos-missions\\\/#primaryimage\"},\"thumbnailUrl\":\"https:\\\/\\\/fondationmichelcremer.files.wordpress.com\\\/2018\\\/01\\\/gastro-215dsc_5288-copie.jpg?w=398\",\"datePublished\":\"2018-01-11T18:57:20+00:00\",\"dateModified\":\"2018-04-16T09:27:12+00:00\",\"breadcrumb\":{\"@id\":\"https:\\\/\\\/michelcremerfoundation.eu\\\/index.php\\\/nos-missions\\\/#breadcrumb\"},\"inLanguage\":\"fr-FR\",\"potentialAction\":[{\"@type\":\"ReadAction\",\"target\":[\"https:\\\/\\\/michelcremerfoundation.eu\\\/index.php\\\/nos-missions\\\/\"]}]},{\"@type\":\"ImageObject\",\"inLanguage\":\"fr-FR\",\"@id\":\"https:\\\/\\\/michelcremerfoundation.eu\\\/index.php\\\/nos-missions\\\/#primaryimage\",\"url\":\"https:\\\/\\\/fondationmichelcremer.files.wordpress.com\\\/2018\\\/01\\\/gastro-215dsc_5288-copie.jpg?w=398\",\"contentUrl\":\"https:\\\/\\\/fondationmichelcremer.files.wordpress.com\\\/2018\\\/01\\\/gastro-215dsc_5288-copie.jpg?w=398\"},{\"@type\":\"BreadcrumbList\",\"@id\":\"https:\\\/\\\/michelcremerfoundation.eu\\\/index.php\\\/nos-missions\\\/#breadcrumb\",\"itemListElement\":[{\"@type\":\"ListItem\",\"position\":1,\"name\":\"Accueil\",\"item\":\"https:\\\/\\\/michelcremerfoundation.eu\\\/\"},{\"@type\":\"ListItem\",\"position\":2,\"name\":\"Nos missions\"}]},{\"@type\":\"WebSite\",\"@id\":\"https:\\\/\\\/michelcremerfoundation.eu\\\/#website\",\"url\":\"https:\\\/\\\/michelcremerfoundation.eu\\\/\",\"name\":\"Fondation Michel Cremer\",\"description\":\"Ensemble, vers la m\u00e9decine du futur\",\"publisher\":{\"@id\":\"https:\\\/\\\/michelcremerfoundation.eu\\\/#organization\"},\"potentialAction\":[{\"@type\":\"SearchAction\",\"target\":{\"@type\":\"EntryPoint\",\"urlTemplate\":\"https:\\\/\\\/michelcremerfoundation.eu\\\/?s={search_term_string}\"},\"query-input\":{\"@type\":\"PropertyValueSpecification\",\"valueRequired\":true,\"valueName\":\"search_term_string\"}}],\"inLanguage\":\"fr-FR\"},{\"@type\":\"Organization\",\"@id\":\"https:\\\/\\\/michelcremerfoundation.eu\\\/#organization\",\"name\":\"Fondation Michel Cremer\",\"url\":\"https:\\\/\\\/michelcremerfoundation.eu\\\/\",\"logo\":{\"@type\":\"ImageObject\",\"inLanguage\":\"fr-FR\",\"@id\":\"https:\\\/\\\/michelcremerfoundation.eu\\\/#\\\/schema\\\/logo\\\/image\\\/\",\"url\":\"https:\\\/\\\/michelcremerfoundation.eu\\\/wp-content\\\/uploads\\\/2018\\\/03\\\/Logo-FMC-e1520765525490.jpg\",\"contentUrl\":\"https:\\\/\\\/michelcremerfoundation.eu\\\/wp-content\\\/uploads\\\/2018\\\/03\\\/Logo-FMC-e1520765525490.jpg\",\"width\":100,\"height\":66,\"caption\":\"Fondation Michel Cremer\"},\"image\":{\"@id\":\"https:\\\/\\\/michelcremerfoundation.eu\\\/#\\\/schema\\\/logo\\\/image\\\/\"},\"sameAs\":[\"https:\\\/\\\/www.facebook.com\\\/fondationmichelcremer\",\"https:\\\/\\\/www.linkedin.com\\\/company\\\/18897844\"]}]}<\/script>\n<!-- \/ Yoast SEO plugin. -->","yoast_head_json":{"title":"Nos missions - Fondation Michel Cremer","robots":{"index":"index","follow":"follow","max-snippet":"max-snippet:-1","max-image-preview":"max-image-preview:large","max-video-preview":"max-video-preview:-1"},"canonical":"https:\/\/michelcremerfoundation.eu\/index.php\/nos-missions\/","og_locale":"fr_FR","og_type":"article","og_title":"Nos missions - Fondation Michel Cremer","og_description":"La Fondation Michel Cremer a pour mission de promouvoir dans un but d\u00e9sint\u00e9ress\u00e9 et dans un esprit de neutralit\u00e9 philosophique et politique, la recherche de pointe en endoscopie. Elle soutient notamment : la recherche appliqu\u00e9e et transdisciplinaire, en collaboration avec les m\u00e9decins, les ing\u00e9nieurs et autres scientifiques, afin de concevoir et d\u00e9velopper de nouveaux instruments et de nouvelles proc\u00e9dures de chirurgie par les voies naturelles, la recherche en endoscopie m\u00e9tabolique, pour traiter des maladies comme le diab\u00e8te ou la NASH (\u00ab\u00a0foie gras\u00a0\u00bb, stade pr\u00e9curseur de la cirrhose) la recherche au b\u00e9n\u00e9fice des patients sur les indications de niche pour soigner les maladies rares non prises en charge l\u2019impl\u00e9mentation de ces technologies, en particulier dans des r\u00e9gions moins\u00a0favoris\u00e9es.","og_url":"https:\/\/michelcremerfoundation.eu\/index.php\/nos-missions\/","og_site_name":"Fondation Michel Cremer","article_publisher":"https:\/\/www.facebook.com\/fondationmichelcremer","article_modified_time":"2018-04-16T09:27:12+00:00","og_image":[{"url":"https:\/\/fondationmichelcremer.files.wordpress.com\/2018\/01\/gastro-215dsc_5288-copie.jpg?w=398","type":"","width":"","height":""}],"twitter_card":"summary_large_image","twitter_misc":{"Dur\u00e9e de lecture estim\u00e9e":"1 minute"},"schema":{"@context":"https:\/\/schema.org","@graph":[{"@type":"WebPage","@id":"https:\/\/michelcremerfoundation.eu\/index.php\/nos-missions\/","url":"https:\/\/michelcremerfoundation.eu\/index.php\/nos-missions\/","name":"Nos missions - Fondation Michel Cremer","isPartOf":{"@id":"https:\/\/michelcremerfoundation.eu\/#website"},"primaryImageOfPage":{"@id":"https:\/\/michelcremerfoundation.eu\/index.php\/nos-missions\/#primaryimage"},"image":{"@id":"https:\/\/michelcremerfoundation.eu\/index.php\/nos-missions\/#primaryimage"},"thumbnailUrl":"https:\/\/fondationmichelcremer.files.wordpress.com\/2018\/01\/gastro-215dsc_5288-copie.jpg?w=398","datePublished":"2018-01-11T18:57:20+00:00","dateModified":"2018-04-16T09:27:12+00:00","breadcrumb":{"@id":"https:\/\/michelcremerfoundation.eu\/index.php\/nos-missions\/#breadcrumb"},"inLanguage":"fr-FR","potentialAction":[{"@type":"ReadAction","target":["https:\/\/michelcremerfoundation.eu\/index.php\/nos-missions\/"]}]},{"@type":"ImageObject","inLanguage":"fr-FR","@id":"https:\/\/michelcremerfoundation.eu\/index.php\/nos-missions\/#primaryimage","url":"https:\/\/fondationmichelcremer.files.wordpress.com\/2018\/01\/gastro-215dsc_5288-copie.jpg?w=398","contentUrl":"https:\/\/fondationmichelcremer.files.wordpress.com\/2018\/01\/gastro-215dsc_5288-copie.jpg?w=398"},{"@type":"BreadcrumbList","@id":"https:\/\/michelcremerfoundation.eu\/index.php\/nos-missions\/#breadcrumb","itemListElement":[{"@type":"ListItem","position":1,"name":"Accueil","item":"https:\/\/michelcremerfoundation.eu\/"},{"@type":"ListItem","position":2,"name":"Nos missions"}]},{"@type":"WebSite","@id":"https:\/\/michelcremerfoundation.eu\/#website","url":"https:\/\/michelcremerfoundation.eu\/","name":"Fondation Michel Cremer","description":"Ensemble, vers la m\u00e9decine du futur","publisher":{"@id":"https:\/\/michelcremerfoundation.eu\/#organization"},"potentialAction":[{"@type":"SearchAction","target":{"@type":"EntryPoint","urlTemplate":"https:\/\/michelcremerfoundation.eu\/?s={search_term_string}"},"query-input":{"@type":"PropertyValueSpecification","valueRequired":true,"valueName":"search_term_string"}}],"inLanguage":"fr-FR"},{"@type":"Organization","@id":"https:\/\/michelcremerfoundation.eu\/#organization","name":"Fondation Michel Cremer","url":"https:\/\/michelcremerfoundation.eu\/","logo":{"@type":"ImageObject","inLanguage":"fr-FR","@id":"https:\/\/michelcremerfoundation.eu\/#\/schema\/logo\/image\/","url":"https:\/\/michelcremerfoundation.eu\/wp-content\/uploads\/2018\/03\/Logo-FMC-e1520765525490.jpg","contentUrl":"https:\/\/michelcremerfoundation.eu\/wp-content\/uploads\/2018\/03\/Logo-FMC-e1520765525490.jpg","width":100,"height":66,"caption":"Fondation Michel Cremer"},"image":{"@id":"https:\/\/michelcremerfoundation.eu\/#\/schema\/logo\/image\/"},"sameAs":["https:\/\/www.facebook.com\/fondationmichelcremer","https:\/\/www.linkedin.com\/company\/18897844"]}]}},"campaignId":"","jetpack_shortlink":"https:\/\/wp.me\/PapkNB-1r","jetpack_sharing_enabled":true,"_links":{"self":[{"href":"https:\/\/michelcremerfoundation.eu\/index.php\/wp-json\/wp\/v2\/pages\/89","targetHints":{"allow":["GET"]}}],"collection":[{"href":"https:\/\/michelcremerfoundation.eu\/index.php\/wp-json\/wp\/v2\/pages"}],"about":[{"href":"https:\/\/michelcremerfoundation.eu\/index.php\/wp-json\/wp\/v2\/types\/page"}],"author":[{"embeddable":true,"href":"https:\/\/michelcremerfoundation.eu\/index.php\/wp-json\/wp\/v2\/users\/1"}],"replies":[{"embeddable":true,"href":"https:\/\/michelcremerfoundation.eu\/index.php\/wp-json\/wp\/v2\/comments?post=89"}],"version-history":[{"count":4,"href":"https:\/\/michelcremerfoundation.eu\/index.php\/wp-json\/wp\/v2\/pages\/89\/revisions"}],"predecessor-version":[{"id":270,"href":"https:\/\/michelcremerfoundation.eu\/index.php\/wp-json\/wp\/v2\/pages\/89\/revisions\/270"}],"wp:attachment":[{"href":"https:\/\/michelcremerfoundation.eu\/index.php\/wp-json\/wp\/v2\/media?parent=89"}],"curies":[{"name":"wp","href":"https:\/\/api.w.org\/{rel}","templated":true}]}}