{"id":4917,"date":"2021-04-13T21:38:10","date_gmt":"2021-04-13T19:38:10","guid":{"rendered":"https:\/\/michelcremerfoundation.eu\/?page_id=4917"},"modified":"2021-04-14T20:36:16","modified_gmt":"2021-04-14T18:36:16","slug":"cv-costamagna","status":"publish","type":"page","link":"https:\/\/michelcremerfoundation.eu\/index.php\/cv-costamagna\/","title":{"rendered":"Qui sommes-nous  ?"},"content":{"rendered":"\t\t<div data-elementor-type=\"wp-page\" data-elementor-id=\"4917\" class=\"elementor elementor-4917\">\n\t\t\t\t\t\t<section class=\"elementor-section elementor-top-section elementor-element elementor-element-7e3034 elementor-section-boxed elementor-section-height-default elementor-section-height-default\" data-id=\"7e3034\" data-element_type=\"section\" data-e-type=\"section\">\n\t\t\t\t\t\t<div class=\"elementor-container elementor-column-gap-default\">\n\t\t\t\t\t<div class=\"elementor-column elementor-col-100 elementor-top-column elementor-element elementor-element-387c897e\" data-id=\"387c897e\" data-element_type=\"column\" data-e-type=\"column\">\n\t\t\t<div class=\"elementor-widget-wrap elementor-element-populated\">\n\t\t\t\t\t\t<section class=\"elementor-section elementor-inner-section elementor-element elementor-element-1e43b938 elementor-section-boxed elementor-section-height-default elementor-section-height-default\" data-id=\"1e43b938\" data-element_type=\"section\" data-e-type=\"section\">\n\t\t\t\t\t\t<div class=\"elementor-container elementor-column-gap-default\">\n\t\t\t\t\t<div class=\"elementor-column elementor-col-50 elementor-inner-column elementor-element elementor-element-45aca953\" data-id=\"45aca953\" data-element_type=\"column\" data-e-type=\"column\">\n\t\t\t<div class=\"elementor-widget-wrap elementor-element-populated\">\n\t\t\t\t\t\t<div class=\"elementor-element elementor-element-710138a8 elementor-widget elementor-widget-heading\" data-id=\"710138a8\" data-element_type=\"widget\" data-e-type=\"widget\" data-widget_type=\"heading.default\">\n\t\t\t\t<div class=\"elementor-widget-container\">\n\t\t\t\t\t<h2 class=\"elementor-heading-title elementor-size-default\">Prof. Guido Costamagna<\/h2>\t\t\t\t<\/div>\n\t\t\t\t<\/div>\n\t\t\t\t\t<\/div>\n\t\t<\/div>\n\t\t\t\t<div class=\"elementor-column elementor-col-50 elementor-inner-column elementor-element elementor-element-19d0e168\" data-id=\"19d0e168\" data-element_type=\"column\" data-e-type=\"column\">\n\t\t\t<div class=\"elementor-widget-wrap elementor-element-populated\">\n\t\t\t\t\t\t<div class=\"elementor-element elementor-element-27dcab19 e-grid-align-right elementor-shape-rounded elementor-grid-0 elementor-widget elementor-widget-social-icons\" data-id=\"27dcab19\" data-element_type=\"widget\" data-e-type=\"widget\" data-widget_type=\"social-icons.default\">\n\t\t\t\t<div class=\"elementor-widget-container\">\n\t\t\t\t\t\t\t<div class=\"elementor-social-icons-wrapper elementor-grid\" role=\"list\">\n\t\t\t\t\t\t\t<span class=\"elementor-grid-item\" role=\"listitem\">\n\t\t\t\t\t<a class=\"elementor-icon elementor-social-icon elementor-social-icon-facebook elementor-repeater-item-9b3df1f\" target=\"_blank\">\n\t\t\t\t\t\t<span class=\"elementor-screen-only\">Facebook<\/span>\n\t\t\t\t\t\t<i aria-hidden=\"true\" class=\"fab fa-facebook\"><\/i>\t\t\t\t\t<\/a>\n\t\t\t\t<\/span>\n\t\t\t\t\t\t\t<span class=\"elementor-grid-item\" role=\"listitem\">\n\t\t\t\t\t<a class=\"elementor-icon elementor-social-icon elementor-social-icon-twitter elementor-repeater-item-a215d13\" target=\"_blank\">\n\t\t\t\t\t\t<span class=\"elementor-screen-only\">Twitter<\/span>\n\t\t\t\t\t\t<i aria-hidden=\"true\" class=\"fab fa-twitter\"><\/i>\t\t\t\t\t<\/a>\n\t\t\t\t<\/span>\n\t\t\t\t\t\t\t<span class=\"elementor-grid-item\" role=\"listitem\">\n\t\t\t\t\t<a class=\"elementor-icon elementor-social-icon elementor-social-icon-google-plus elementor-repeater-item-806d257\" target=\"_blank\">\n\t\t\t\t\t\t<span class=\"elementor-screen-only\">Google-plus<\/span>\n\t\t\t\t\t\t<i aria-hidden=\"true\" class=\"fab fa-google-plus\"><\/i>\t\t\t\t\t<\/a>\n\t\t\t\t<\/span>\n\t\t\t\t\t<\/div>\n\t\t\t\t\t\t<\/div>\n\t\t\t\t<\/div>\n\t\t\t\t\t<\/div>\n\t\t<\/div>\n\t\t\t\t\t<\/div>\n\t\t<\/section>\n\t\t\t\t<section class=\"elementor-section elementor-inner-section elementor-element elementor-element-79db05de elementor-section-boxed elementor-section-height-default elementor-section-height-default\" data-id=\"79db05de\" data-element_type=\"section\" data-e-type=\"section\">\n\t\t\t\t\t\t<div class=\"elementor-container elementor-column-gap-default\">\n\t\t\t\t\t<div class=\"elementor-column elementor-col-50 elementor-inner-column elementor-element elementor-element-346bcc0b\" data-id=\"346bcc0b\" data-element_type=\"column\" data-e-type=\"column\">\n\t\t\t<div class=\"elementor-widget-wrap elementor-element-populated\">\n\t\t\t\t\t\t<div class=\"elementor-element elementor-element-12b152fe elementor-widget elementor-widget-heading\" data-id=\"12b152fe\" data-element_type=\"widget\" data-e-type=\"widget\" data-widget_type=\"heading.default\">\n\t\t\t\t<div class=\"elementor-widget-container\">\n\t\t\t\t\t<h3 class=\"elementor-heading-title elementor-size-default\">conseiller scientifique<\/h3>\t\t\t\t<\/div>\n\t\t\t\t<\/div>\n\t\t\t\t\t<\/div>\n\t\t<\/div>\n\t\t\t\t<div class=\"elementor-column elementor-col-50 elementor-inner-column elementor-element elementor-element-6e763113\" data-id=\"6e763113\" data-element_type=\"column\" data-e-type=\"column\">\n\t\t\t<div class=\"elementor-widget-wrap\">\n\t\t\t\t\t\t\t<\/div>\n\t\t<\/div>\n\t\t\t\t\t<\/div>\n\t\t<\/section>\n\t\t\t\t\t<\/div>\n\t\t<\/div>\n\t\t\t\t\t<\/div>\n\t\t<\/section>\n\t\t\t\t<section class=\"elementor-section elementor-top-section elementor-element elementor-element-3943bca5 elementor-section-boxed elementor-section-height-default elementor-section-height-default\" data-id=\"3943bca5\" data-element_type=\"section\" data-e-type=\"section\">\n\t\t\t\t\t\t<div class=\"elementor-container elementor-column-gap-default\">\n\t\t\t\t\t<div class=\"elementor-column elementor-col-50 elementor-top-column elementor-element elementor-element-30cbcc3f\" data-id=\"30cbcc3f\" data-element_type=\"column\" data-e-type=\"column\">\n\t\t\t<div class=\"elementor-widget-wrap elementor-element-populated\">\n\t\t\t\t\t\t<div class=\"elementor-element elementor-element-19e00299 elementor-widget elementor-widget-image\" data-id=\"19e00299\" data-element_type=\"widget\" data-e-type=\"widget\" data-widget_type=\"image.default\">\n\t\t\t\t<div class=\"elementor-widget-container\">\n\t\t\t\t\t\t\t\t\t\t\t\t\t\t\t<img fetchpriority=\"high\" decoding=\"async\" width=\"768\" height=\"1024\" src=\"https:\/\/michelcremerfoundation.eu\/wp-content\/uploads\/2021\/04\/Foto-Prof.-Guido-Costamagna-2-768x1024.jpg\" class=\"attachment-medium_large size-medium_large wp-image-4919\" alt=\"Prof. Guido Costamagna\" srcset=\"https:\/\/michelcremerfoundation.eu\/wp-content\/uploads\/2021\/04\/Foto-Prof.-Guido-Costamagna-2-200x267.jpg 200w, https:\/\/michelcremerfoundation.eu\/wp-content\/uploads\/2021\/04\/Foto-Prof.-Guido-Costamagna-2-225x300.jpg 225w, https:\/\/michelcremerfoundation.eu\/wp-content\/uploads\/2021\/04\/Foto-Prof.-Guido-Costamagna-2-300x400.jpg 300w, https:\/\/michelcremerfoundation.eu\/wp-content\/uploads\/2021\/04\/Foto-Prof.-Guido-Costamagna-2-400x533.jpg 400w, https:\/\/michelcremerfoundation.eu\/wp-content\/uploads\/2021\/04\/Foto-Prof.-Guido-Costamagna-2-600x800.jpg 600w, https:\/\/michelcremerfoundation.eu\/wp-content\/uploads\/2021\/04\/Foto-Prof.-Guido-Costamagna-2-768x1024.jpg 768w, https:\/\/michelcremerfoundation.eu\/wp-content\/uploads\/2021\/04\/Foto-Prof.-Guido-Costamagna-2-800x1067.jpg 800w, https:\/\/michelcremerfoundation.eu\/wp-content\/uploads\/2021\/04\/Foto-Prof.-Guido-Costamagna-2-1152x1536.jpg 1152w, https:\/\/michelcremerfoundation.eu\/wp-content\/uploads\/2021\/04\/Foto-Prof.-Guido-Costamagna-2-1200x1600.jpg 1200w, https:\/\/michelcremerfoundation.eu\/wp-content\/uploads\/2021\/04\/Foto-Prof.-Guido-Costamagna-2-1536x2048.jpg 1536w, https:\/\/michelcremerfoundation.eu\/wp-content\/uploads\/2021\/04\/Foto-Prof.-Guido-Costamagna-2-scaled.jpg 1920w\" sizes=\"(max-width: 768px) 100vw, 768px\" \/>\t\t\t\t\t\t\t\t\t\t\t\t\t\t\t<\/div>\n\t\t\t\t<\/div>\n\t\t\t\t\t<\/div>\n\t\t<\/div>\n\t\t\t\t<div class=\"elementor-column elementor-col-50 elementor-top-column elementor-element elementor-element-10ba6852\" data-id=\"10ba6852\" data-element_type=\"column\" data-e-type=\"column\">\n\t\t\t<div class=\"elementor-widget-wrap elementor-element-populated\">\n\t\t\t\t\t\t<div class=\"elementor-element elementor-element-484bca72 elementor-widget elementor-widget-text-editor\" data-id=\"484bca72\" data-element_type=\"widget\" data-e-type=\"widget\" data-widget_type=\"text-editor.default\">\n\t\t\t\t<div class=\"elementor-widget-container\">\n\t\t\t\t\t\t\t\t\t<p>Guido Costamagna est professeur ordinaire de Chirurgie, Directeur du D\u00e9partement Universitaire de M\u00e9decine Translationnelle et de Chirurgie de l&rsquo;Universit\u00e9 Catholique de Rome.<\/p>\n<p>Il est \u00e9galement directeur scientifique du Centre Europ\u00e9en de Formation \u00e0 l&rsquo;Endoscopie (EETC), une structure d\u00e9di\u00e9e \u00e0 l&rsquo;enseignement des techniques d&rsquo;endoscopie digestive, qu&rsquo;il a fond\u00e9e en 2002.<\/p>\n<p>\u00c0 la Fondazione Policlinico Universitario A. Gemelli &#8211; IRCCS, il occupe le poste de Directeur de l&rsquo;Unit\u00e9 d&rsquo;Endoscopie Digestive et de Pr\u00e9sident du Comit\u00e9 de Didactique Clinique et de Conseil Scientifique.<\/p>\n<p>Il a occup\u00e9 le r\u00f4le de Consultant aupr\u00e8s de l\u2019Institut Hospitalo-Universitaire (IHU), Universit\u00e9 de Strasbourg, France<\/p>\n<p>Il a \u00e9t\u00e9 Pr\u00e9sident de la Soci\u00e9t\u00e9 Italienne d&rsquo;Endoscopie Digestive (SIED) et de la Soci\u00e9t\u00e9 Europ\u00e9enne d&rsquo;Endoscopie Gastro-intestinale (ESGE).<\/p>\n<p>Apr\u00e8s la formation sp\u00e9cialis\u00e9e en chirurgie g\u00e9n\u00e9rale et gastro-ent\u00e9rologie, il s&rsquo;est toujours consacr\u00e9 \u00e0 l&rsquo;application et au d\u00e9veloppement des techniques diagnostiques et th\u00e9rapeutiques de l&rsquo;endoscopie digestive, en particulier dans le domaine bilio-pancr\u00e9atique et de la pathologie du tube digestif sup\u00e9rieur. Il a \u00e9t\u00e9 invit\u00e9 dans de nombreuses institutions acad\u00e9miques prestigieuses et a donn\u00e9 des conf\u00e9rences et prononc\u00e9 des discours en direct dans plus de 50 pays \u00e0 travers le monde, dont certains lui ont valu le titre de membre honoraire de la soci\u00e9t\u00e9 scientifique locale.<\/p>\n<p>Il est l&rsquo;auteur de plus de 600 publications, dont plus de 500 dans Pub-Med avec un h-index de 76.<\/p>\t\t\t\t\t\t\t\t<\/div>\n\t\t\t\t<\/div>\n\t\t\t\t\t<\/div>\n\t\t<\/div>\n\t\t\t\t\t<\/div>\n\t\t<\/section>\n\t\t\t\t<\/div>\n\t\t","protected":false},"excerpt":{"rendered":"<p>Prof. Guido Costamagna Facebook Twitter Google-plus conseiller scientifique Guido Costamagna est professeur ordinaire de Chirurgie, Directeur du D\u00e9partement Universitaire de M\u00e9decine Translationnelle et de Chirurgie de l&rsquo;Universit\u00e9 Catholique de Rome. Il est \u00e9galement directeur scientifique du Centre Europ\u00e9en de Formation \u00e0 l&rsquo;Endoscopie (EETC), une structure d\u00e9di\u00e9e \u00e0 l&rsquo;enseignement des techniques d&rsquo;endoscopie digestive, qu&rsquo;il a fond\u00e9e en 2002. \u00c0 la Fondazione Policlinico Universitario A. Gemelli &#8211; IRCCS, il occupe le poste de Directeur de l&rsquo;Unit\u00e9 d&rsquo;Endoscopie Digestive et de Pr\u00e9sident du Comit\u00e9 de Didactique Clinique et de Conseil Scientifique. Il a occup\u00e9 le r\u00f4le de Consultant aupr\u00e8s de l\u2019Institut Hospitalo-Universitaire (IHU), Universit\u00e9 de Strasbourg, France Il a \u00e9t\u00e9 Pr\u00e9sident de la Soci\u00e9t\u00e9 Italienne d&rsquo;Endoscopie Digestive (SIED) et de la Soci\u00e9t\u00e9 Europ\u00e9enne d&rsquo;Endoscopie Gastro-intestinale (ESGE). Apr\u00e8s la formation sp\u00e9cialis\u00e9e en chirurgie g\u00e9n\u00e9rale et gastro-ent\u00e9rologie, il s&rsquo;est toujours consacr\u00e9 \u00e0 l&rsquo;application et au d\u00e9veloppement des techniques diagnostiques et th\u00e9rapeutiques de l&rsquo;endoscopie digestive, en particulier dans le domaine bilio-pancr\u00e9atique et de la pathologie du tube digestif sup\u00e9rieur. Il a \u00e9t\u00e9 invit\u00e9 dans de nombreuses institutions acad\u00e9miques prestigieuses et a donn\u00e9 des conf\u00e9rences et prononc\u00e9 des discours en direct dans plus de 50 pays \u00e0 travers le monde, dont certains lui ont valu le titre de membre honoraire de la soci\u00e9t\u00e9 scientifique locale. Il est l&rsquo;auteur de plus de 600 publications, dont plus de 500 [&hellip;]<\/p>\n","protected":false},"author":8,"featured_media":0,"parent":0,"menu_order":0,"comment_status":"closed","ping_status":"closed","template":"","meta":{"give_campaign_id":0,"footnotes":""},"class_list":["post-4917","page","type-page","status-publish","hentry"],"yoast_head":"<!-- This site is optimized with the Yoast SEO plugin v27.3 - https:\/\/yoast.com\/product\/yoast-seo-wordpress\/ -->\n<title>Qui sommes-nous ? - Fondation Michel Cremer<\/title>\n<meta name=\"robots\" content=\"index, follow, max-snippet:-1, max-image-preview:large, max-video-preview:-1\" \/>\n<link rel=\"canonical\" href=\"https:\/\/michelcremerfoundation.eu\/index.php\/cv-costamagna\/\" \/>\n<meta property=\"og:locale\" content=\"fr_FR\" \/>\n<meta property=\"og:type\" content=\"article\" \/>\n<meta property=\"og:title\" content=\"Qui sommes-nous ? - Fondation Michel Cremer\" \/>\n<meta property=\"og:description\" content=\"Prof. Guido Costamagna Facebook Twitter Google-plus conseiller scientifique Guido Costamagna est professeur ordinaire de Chirurgie, Directeur du D\u00e9partement Universitaire de M\u00e9decine Translationnelle et de Chirurgie de l&rsquo;Universit\u00e9 Catholique de Rome. Il est \u00e9galement directeur scientifique du Centre Europ\u00e9en de Formation \u00e0 l&rsquo;Endoscopie (EETC), une structure d\u00e9di\u00e9e \u00e0 l&rsquo;enseignement des techniques d&rsquo;endoscopie digestive, qu&rsquo;il a fond\u00e9e en 2002. \u00c0 la Fondazione Policlinico Universitario A. Gemelli &#8211; IRCCS, il occupe le poste de Directeur de l&rsquo;Unit\u00e9 d&rsquo;Endoscopie Digestive et de Pr\u00e9sident du Comit\u00e9 de Didactique Clinique et de Conseil Scientifique. Il a occup\u00e9 le r\u00f4le de Consultant aupr\u00e8s de l\u2019Institut Hospitalo-Universitaire (IHU), Universit\u00e9 de Strasbourg, France Il a \u00e9t\u00e9 Pr\u00e9sident de la Soci\u00e9t\u00e9 Italienne d&rsquo;Endoscopie Digestive (SIED) et de la Soci\u00e9t\u00e9 Europ\u00e9enne d&rsquo;Endoscopie Gastro-intestinale (ESGE). Apr\u00e8s la formation sp\u00e9cialis\u00e9e en chirurgie g\u00e9n\u00e9rale et gastro-ent\u00e9rologie, il s&rsquo;est toujours consacr\u00e9 \u00e0 l&rsquo;application et au d\u00e9veloppement des techniques diagnostiques et th\u00e9rapeutiques de l&rsquo;endoscopie digestive, en particulier dans le domaine bilio-pancr\u00e9atique et de la pathologie du tube digestif sup\u00e9rieur. Il a \u00e9t\u00e9 invit\u00e9 dans de nombreuses institutions acad\u00e9miques prestigieuses et a donn\u00e9 des conf\u00e9rences et prononc\u00e9 des discours en direct dans plus de 50 pays \u00e0 travers le monde, dont certains lui ont valu le titre de membre honoraire de la soci\u00e9t\u00e9 scientifique locale. Il est l&rsquo;auteur de plus de 600 publications, dont plus de 500 [&hellip;]\" \/>\n<meta property=\"og:url\" content=\"https:\/\/michelcremerfoundation.eu\/index.php\/cv-costamagna\/\" \/>\n<meta property=\"og:site_name\" content=\"Fondation Michel Cremer\" \/>\n<meta property=\"article:publisher\" content=\"https:\/\/www.facebook.com\/fondationmichelcremer\" \/>\n<meta property=\"article:modified_time\" content=\"2021-04-14T18:36:16+00:00\" \/>\n<meta property=\"og:image\" content=\"https:\/\/michelcremerfoundation.eu\/wp-content\/uploads\/2021\/04\/Foto-Prof.-Guido-Costamagna-2-768x1024.jpg\" \/>\n<meta name=\"twitter:card\" content=\"summary_large_image\" \/>\n<meta name=\"twitter:label1\" content=\"Dur\u00e9e de lecture estim\u00e9e\" \/>\n\t<meta name=\"twitter:data1\" content=\"2 minutes\" \/>\n<script type=\"application\/ld+json\" class=\"yoast-schema-graph\">{\"@context\":\"https:\\\/\\\/schema.org\",\"@graph\":[{\"@type\":\"WebPage\",\"@id\":\"https:\\\/\\\/michelcremerfoundation.eu\\\/index.php\\\/cv-costamagna\\\/\",\"url\":\"https:\\\/\\\/michelcremerfoundation.eu\\\/index.php\\\/cv-costamagna\\\/\",\"name\":\"Qui sommes-nous ? - Fondation Michel Cremer\",\"isPartOf\":{\"@id\":\"https:\\\/\\\/michelcremerfoundation.eu\\\/#website\"},\"primaryImageOfPage\":{\"@id\":\"https:\\\/\\\/michelcremerfoundation.eu\\\/index.php\\\/cv-costamagna\\\/#primaryimage\"},\"image\":{\"@id\":\"https:\\\/\\\/michelcremerfoundation.eu\\\/index.php\\\/cv-costamagna\\\/#primaryimage\"},\"thumbnailUrl\":\"https:\\\/\\\/michelcremerfoundation.eu\\\/wp-content\\\/uploads\\\/2021\\\/04\\\/Foto-Prof.-Guido-Costamagna-2-768x1024.jpg\",\"datePublished\":\"2021-04-13T19:38:10+00:00\",\"dateModified\":\"2021-04-14T18:36:16+00:00\",\"breadcrumb\":{\"@id\":\"https:\\\/\\\/michelcremerfoundation.eu\\\/index.php\\\/cv-costamagna\\\/#breadcrumb\"},\"inLanguage\":\"fr-FR\",\"potentialAction\":[{\"@type\":\"ReadAction\",\"target\":[\"https:\\\/\\\/michelcremerfoundation.eu\\\/index.php\\\/cv-costamagna\\\/\"]}]},{\"@type\":\"ImageObject\",\"inLanguage\":\"fr-FR\",\"@id\":\"https:\\\/\\\/michelcremerfoundation.eu\\\/index.php\\\/cv-costamagna\\\/#primaryimage\",\"url\":\"https:\\\/\\\/michelcremerfoundation.eu\\\/wp-content\\\/uploads\\\/2021\\\/04\\\/Foto-Prof.-Guido-Costamagna-2-scaled.jpg\",\"contentUrl\":\"https:\\\/\\\/michelcremerfoundation.eu\\\/wp-content\\\/uploads\\\/2021\\\/04\\\/Foto-Prof.-Guido-Costamagna-2-scaled.jpg\",\"width\":1920,\"height\":2560,\"caption\":\"Prof. Guido Costamagna\"},{\"@type\":\"BreadcrumbList\",\"@id\":\"https:\\\/\\\/michelcremerfoundation.eu\\\/index.php\\\/cv-costamagna\\\/#breadcrumb\",\"itemListElement\":[{\"@type\":\"ListItem\",\"position\":1,\"name\":\"Accueil\",\"item\":\"https:\\\/\\\/michelcremerfoundation.eu\\\/\"},{\"@type\":\"ListItem\",\"position\":2,\"name\":\"Qui sommes-nous ?\"}]},{\"@type\":\"WebSite\",\"@id\":\"https:\\\/\\\/michelcremerfoundation.eu\\\/#website\",\"url\":\"https:\\\/\\\/michelcremerfoundation.eu\\\/\",\"name\":\"Fondation Michel Cremer\",\"description\":\"Ensemble, vers la m\u00e9decine du futur\",\"publisher\":{\"@id\":\"https:\\\/\\\/michelcremerfoundation.eu\\\/#organization\"},\"potentialAction\":[{\"@type\":\"SearchAction\",\"target\":{\"@type\":\"EntryPoint\",\"urlTemplate\":\"https:\\\/\\\/michelcremerfoundation.eu\\\/?s={search_term_string}\"},\"query-input\":{\"@type\":\"PropertyValueSpecification\",\"valueRequired\":true,\"valueName\":\"search_term_string\"}}],\"inLanguage\":\"fr-FR\"},{\"@type\":\"Organization\",\"@id\":\"https:\\\/\\\/michelcremerfoundation.eu\\\/#organization\",\"name\":\"Fondation Michel Cremer\",\"url\":\"https:\\\/\\\/michelcremerfoundation.eu\\\/\",\"logo\":{\"@type\":\"ImageObject\",\"inLanguage\":\"fr-FR\",\"@id\":\"https:\\\/\\\/michelcremerfoundation.eu\\\/#\\\/schema\\\/logo\\\/image\\\/\",\"url\":\"https:\\\/\\\/michelcremerfoundation.eu\\\/wp-content\\\/uploads\\\/2018\\\/03\\\/Logo-FMC-e1520765525490.jpg\",\"contentUrl\":\"https:\\\/\\\/michelcremerfoundation.eu\\\/wp-content\\\/uploads\\\/2018\\\/03\\\/Logo-FMC-e1520765525490.jpg\",\"width\":100,\"height\":66,\"caption\":\"Fondation Michel Cremer\"},\"image\":{\"@id\":\"https:\\\/\\\/michelcremerfoundation.eu\\\/#\\\/schema\\\/logo\\\/image\\\/\"},\"sameAs\":[\"https:\\\/\\\/www.facebook.com\\\/fondationmichelcremer\",\"https:\\\/\\\/www.linkedin.com\\\/company\\\/18897844\"]}]}<\/script>\n<!-- \/ Yoast SEO plugin. -->","yoast_head_json":{"title":"Qui sommes-nous ? - Fondation Michel Cremer","robots":{"index":"index","follow":"follow","max-snippet":"max-snippet:-1","max-image-preview":"max-image-preview:large","max-video-preview":"max-video-preview:-1"},"canonical":"https:\/\/michelcremerfoundation.eu\/index.php\/cv-costamagna\/","og_locale":"fr_FR","og_type":"article","og_title":"Qui sommes-nous ? - Fondation Michel Cremer","og_description":"Prof. Guido Costamagna Facebook Twitter Google-plus conseiller scientifique Guido Costamagna est professeur ordinaire de Chirurgie, Directeur du D\u00e9partement Universitaire de M\u00e9decine Translationnelle et de Chirurgie de l&rsquo;Universit\u00e9 Catholique de Rome. Il est \u00e9galement directeur scientifique du Centre Europ\u00e9en de Formation \u00e0 l&rsquo;Endoscopie (EETC), une structure d\u00e9di\u00e9e \u00e0 l&rsquo;enseignement des techniques d&rsquo;endoscopie digestive, qu&rsquo;il a fond\u00e9e en 2002. \u00c0 la Fondazione Policlinico Universitario A. Gemelli &#8211; IRCCS, il occupe le poste de Directeur de l&rsquo;Unit\u00e9 d&rsquo;Endoscopie Digestive et de Pr\u00e9sident du Comit\u00e9 de Didactique Clinique et de Conseil Scientifique. Il a occup\u00e9 le r\u00f4le de Consultant aupr\u00e8s de l\u2019Institut Hospitalo-Universitaire (IHU), Universit\u00e9 de Strasbourg, France Il a \u00e9t\u00e9 Pr\u00e9sident de la Soci\u00e9t\u00e9 Italienne d&rsquo;Endoscopie Digestive (SIED) et de la Soci\u00e9t\u00e9 Europ\u00e9enne d&rsquo;Endoscopie Gastro-intestinale (ESGE). Apr\u00e8s la formation sp\u00e9cialis\u00e9e en chirurgie g\u00e9n\u00e9rale et gastro-ent\u00e9rologie, il s&rsquo;est toujours consacr\u00e9 \u00e0 l&rsquo;application et au d\u00e9veloppement des techniques diagnostiques et th\u00e9rapeutiques de l&rsquo;endoscopie digestive, en particulier dans le domaine bilio-pancr\u00e9atique et de la pathologie du tube digestif sup\u00e9rieur. Il a \u00e9t\u00e9 invit\u00e9 dans de nombreuses institutions acad\u00e9miques prestigieuses et a donn\u00e9 des conf\u00e9rences et prononc\u00e9 des discours en direct dans plus de 50 pays \u00e0 travers le monde, dont certains lui ont valu le titre de membre honoraire de la soci\u00e9t\u00e9 scientifique locale. Il est l&rsquo;auteur de plus de 600 publications, dont plus de 500 [&hellip;]","og_url":"https:\/\/michelcremerfoundation.eu\/index.php\/cv-costamagna\/","og_site_name":"Fondation Michel Cremer","article_publisher":"https:\/\/www.facebook.com\/fondationmichelcremer","article_modified_time":"2021-04-14T18:36:16+00:00","og_image":[{"url":"https:\/\/michelcremerfoundation.eu\/wp-content\/uploads\/2021\/04\/Foto-Prof.-Guido-Costamagna-2-768x1024.jpg","type":"","width":"","height":""}],"twitter_card":"summary_large_image","twitter_misc":{"Dur\u00e9e de lecture estim\u00e9e":"2 minutes"},"schema":{"@context":"https:\/\/schema.org","@graph":[{"@type":"WebPage","@id":"https:\/\/michelcremerfoundation.eu\/index.php\/cv-costamagna\/","url":"https:\/\/michelcremerfoundation.eu\/index.php\/cv-costamagna\/","name":"Qui sommes-nous ? - Fondation Michel Cremer","isPartOf":{"@id":"https:\/\/michelcremerfoundation.eu\/#website"},"primaryImageOfPage":{"@id":"https:\/\/michelcremerfoundation.eu\/index.php\/cv-costamagna\/#primaryimage"},"image":{"@id":"https:\/\/michelcremerfoundation.eu\/index.php\/cv-costamagna\/#primaryimage"},"thumbnailUrl":"https:\/\/michelcremerfoundation.eu\/wp-content\/uploads\/2021\/04\/Foto-Prof.-Guido-Costamagna-2-768x1024.jpg","datePublished":"2021-04-13T19:38:10+00:00","dateModified":"2021-04-14T18:36:16+00:00","breadcrumb":{"@id":"https:\/\/michelcremerfoundation.eu\/index.php\/cv-costamagna\/#breadcrumb"},"inLanguage":"fr-FR","potentialAction":[{"@type":"ReadAction","target":["https:\/\/michelcremerfoundation.eu\/index.php\/cv-costamagna\/"]}]},{"@type":"ImageObject","inLanguage":"fr-FR","@id":"https:\/\/michelcremerfoundation.eu\/index.php\/cv-costamagna\/#primaryimage","url":"https:\/\/michelcremerfoundation.eu\/wp-content\/uploads\/2021\/04\/Foto-Prof.-Guido-Costamagna-2-scaled.jpg","contentUrl":"https:\/\/michelcremerfoundation.eu\/wp-content\/uploads\/2021\/04\/Foto-Prof.-Guido-Costamagna-2-scaled.jpg","width":1920,"height":2560,"caption":"Prof. Guido Costamagna"},{"@type":"BreadcrumbList","@id":"https:\/\/michelcremerfoundation.eu\/index.php\/cv-costamagna\/#breadcrumb","itemListElement":[{"@type":"ListItem","position":1,"name":"Accueil","item":"https:\/\/michelcremerfoundation.eu\/"},{"@type":"ListItem","position":2,"name":"Qui sommes-nous ?"}]},{"@type":"WebSite","@id":"https:\/\/michelcremerfoundation.eu\/#website","url":"https:\/\/michelcremerfoundation.eu\/","name":"Fondation Michel Cremer","description":"Ensemble, vers la m\u00e9decine du futur","publisher":{"@id":"https:\/\/michelcremerfoundation.eu\/#organization"},"potentialAction":[{"@type":"SearchAction","target":{"@type":"EntryPoint","urlTemplate":"https:\/\/michelcremerfoundation.eu\/?s={search_term_string}"},"query-input":{"@type":"PropertyValueSpecification","valueRequired":true,"valueName":"search_term_string"}}],"inLanguage":"fr-FR"},{"@type":"Organization","@id":"https:\/\/michelcremerfoundation.eu\/#organization","name":"Fondation Michel Cremer","url":"https:\/\/michelcremerfoundation.eu\/","logo":{"@type":"ImageObject","inLanguage":"fr-FR","@id":"https:\/\/michelcremerfoundation.eu\/#\/schema\/logo\/image\/","url":"https:\/\/michelcremerfoundation.eu\/wp-content\/uploads\/2018\/03\/Logo-FMC-e1520765525490.jpg","contentUrl":"https:\/\/michelcremerfoundation.eu\/wp-content\/uploads\/2018\/03\/Logo-FMC-e1520765525490.jpg","width":100,"height":66,"caption":"Fondation Michel Cremer"},"image":{"@id":"https:\/\/michelcremerfoundation.eu\/#\/schema\/logo\/image\/"},"sameAs":["https:\/\/www.facebook.com\/fondationmichelcremer","https:\/\/www.linkedin.com\/company\/18897844"]}]}},"campaignId":"","jetpack_shortlink":"https:\/\/wp.me\/PapkNB-1hj","jetpack_sharing_enabled":true,"_links":{"self":[{"href":"https:\/\/michelcremerfoundation.eu\/index.php\/wp-json\/wp\/v2\/pages\/4917","targetHints":{"allow":["GET"]}}],"collection":[{"href":"https:\/\/michelcremerfoundation.eu\/index.php\/wp-json\/wp\/v2\/pages"}],"about":[{"href":"https:\/\/michelcremerfoundation.eu\/index.php\/wp-json\/wp\/v2\/types\/page"}],"author":[{"embeddable":true,"href":"https:\/\/michelcremerfoundation.eu\/index.php\/wp-json\/wp\/v2\/users\/8"}],"replies":[{"embeddable":true,"href":"https:\/\/michelcremerfoundation.eu\/index.php\/wp-json\/wp\/v2\/comments?post=4917"}],"version-history":[{"count":7,"href":"https:\/\/michelcremerfoundation.eu\/index.php\/wp-json\/wp\/v2\/pages\/4917\/revisions"}],"predecessor-version":[{"id":4969,"href":"https:\/\/michelcremerfoundation.eu\/index.php\/wp-json\/wp\/v2\/pages\/4917\/revisions\/4969"}],"wp:attachment":[{"href":"https:\/\/michelcremerfoundation.eu\/index.php\/wp-json\/wp\/v2\/media?parent=4917"}],"curies":[{"name":"wp","href":"https:\/\/api.w.org\/{rel}","templated":true}]}}