{"id":2487,"date":"2020-01-14T23:27:58","date_gmt":"2020-01-14T22:27:58","guid":{"rendered":"https:\/\/michelcremerfoundation.eu\/?page_id=2487"},"modified":"2020-01-18T14:50:11","modified_gmt":"2020-01-18T13:50:11","slug":"cv-deviere","status":"publish","type":"page","link":"https:\/\/michelcremerfoundation.eu\/index.php\/cv-deviere\/","title":{"rendered":"Qui sommes-nous ?"},"content":{"rendered":"\t\t<div data-elementor-type=\"wp-page\" data-elementor-id=\"2487\" class=\"elementor elementor-2487\">\n\t\t\t\t\t\t<section class=\"elementor-section elementor-top-section elementor-element elementor-element-7a6a379 elementor-section-boxed elementor-section-height-default elementor-section-height-default\" data-id=\"7a6a379\" data-element_type=\"section\" data-e-type=\"section\">\n\t\t\t\t\t\t<div class=\"elementor-container elementor-column-gap-default\">\n\t\t\t\t\t<div class=\"elementor-column elementor-col-100 elementor-top-column elementor-element elementor-element-8e093bd\" data-id=\"8e093bd\" data-element_type=\"column\" data-e-type=\"column\">\n\t\t\t<div class=\"elementor-widget-wrap elementor-element-populated\">\n\t\t\t\t\t\t<section class=\"elementor-section elementor-inner-section elementor-element elementor-element-be19ae9 elementor-section-boxed elementor-section-height-default elementor-section-height-default\" data-id=\"be19ae9\" data-element_type=\"section\" data-e-type=\"section\">\n\t\t\t\t\t\t<div class=\"elementor-container elementor-column-gap-default\">\n\t\t\t\t\t<div class=\"elementor-column elementor-col-50 elementor-inner-column elementor-element elementor-element-38730d1\" data-id=\"38730d1\" data-element_type=\"column\" data-e-type=\"column\">\n\t\t\t<div class=\"elementor-widget-wrap elementor-element-populated\">\n\t\t\t\t\t\t<div class=\"elementor-element elementor-element-98bc736 elementor-widget elementor-widget-heading\" data-id=\"98bc736\" data-element_type=\"widget\" data-e-type=\"widget\" data-widget_type=\"heading.default\">\n\t\t\t\t<div class=\"elementor-widget-container\">\n\t\t\t\t\t<h2 class=\"elementor-heading-title elementor-size-default\">Prof. Jacques Deviere<\/h2>\t\t\t\t<\/div>\n\t\t\t\t<\/div>\n\t\t\t\t\t<\/div>\n\t\t<\/div>\n\t\t\t\t<div class=\"elementor-column elementor-col-50 elementor-inner-column elementor-element elementor-element-1727d84\" data-id=\"1727d84\" data-element_type=\"column\" data-e-type=\"column\">\n\t\t\t<div class=\"elementor-widget-wrap elementor-element-populated\">\n\t\t\t\t\t\t<div class=\"elementor-element elementor-element-a141c76 e-grid-align-right elementor-shape-rounded elementor-grid-0 elementor-widget elementor-widget-social-icons\" data-id=\"a141c76\" data-element_type=\"widget\" data-e-type=\"widget\" data-widget_type=\"social-icons.default\">\n\t\t\t\t<div class=\"elementor-widget-container\">\n\t\t\t\t\t\t\t<div class=\"elementor-social-icons-wrapper elementor-grid\" role=\"list\">\n\t\t\t\t\t\t\t<span class=\"elementor-grid-item\" role=\"listitem\">\n\t\t\t\t\t<a class=\"elementor-icon elementor-social-icon elementor-social-icon-facebook elementor-repeater-item-9b3df1f\" target=\"_blank\">\n\t\t\t\t\t\t<span class=\"elementor-screen-only\">Facebook<\/span>\n\t\t\t\t\t\t<i aria-hidden=\"true\" class=\"fab fa-facebook\"><\/i>\t\t\t\t\t<\/a>\n\t\t\t\t<\/span>\n\t\t\t\t\t\t\t<span class=\"elementor-grid-item\" role=\"listitem\">\n\t\t\t\t\t<a class=\"elementor-icon elementor-social-icon elementor-social-icon-twitter elementor-repeater-item-a215d13\" target=\"_blank\">\n\t\t\t\t\t\t<span class=\"elementor-screen-only\">Twitter<\/span>\n\t\t\t\t\t\t<i aria-hidden=\"true\" class=\"fab fa-twitter\"><\/i>\t\t\t\t\t<\/a>\n\t\t\t\t<\/span>\n\t\t\t\t\t\t\t<span class=\"elementor-grid-item\" role=\"listitem\">\n\t\t\t\t\t<a class=\"elementor-icon elementor-social-icon elementor-social-icon-google-plus elementor-repeater-item-806d257\" target=\"_blank\">\n\t\t\t\t\t\t<span class=\"elementor-screen-only\">Google-plus<\/span>\n\t\t\t\t\t\t<i aria-hidden=\"true\" class=\"fab fa-google-plus\"><\/i>\t\t\t\t\t<\/a>\n\t\t\t\t<\/span>\n\t\t\t\t\t<\/div>\n\t\t\t\t\t\t<\/div>\n\t\t\t\t<\/div>\n\t\t\t\t\t<\/div>\n\t\t<\/div>\n\t\t\t\t\t<\/div>\n\t\t<\/section>\n\t\t\t\t<section class=\"elementor-section elementor-inner-section elementor-element elementor-element-cbe1be8 elementor-section-boxed elementor-section-height-default elementor-section-height-default\" data-id=\"cbe1be8\" data-element_type=\"section\" data-e-type=\"section\">\n\t\t\t\t\t\t<div class=\"elementor-container elementor-column-gap-default\">\n\t\t\t\t\t<div class=\"elementor-column elementor-col-50 elementor-inner-column elementor-element elementor-element-0d73eeb\" data-id=\"0d73eeb\" data-element_type=\"column\" data-e-type=\"column\">\n\t\t\t<div class=\"elementor-widget-wrap elementor-element-populated\">\n\t\t\t\t\t\t<div class=\"elementor-element elementor-element-06179e0 elementor-widget elementor-widget-heading\" data-id=\"06179e0\" data-element_type=\"widget\" data-e-type=\"widget\" data-widget_type=\"heading.default\">\n\t\t\t\t<div class=\"elementor-widget-container\">\n\t\t\t\t\t<h3 class=\"elementor-heading-title elementor-size-default\">Pr\u00e9sident<\/h3>\t\t\t\t<\/div>\n\t\t\t\t<\/div>\n\t\t\t\t\t<\/div>\n\t\t<\/div>\n\t\t\t\t<div class=\"elementor-column elementor-col-50 elementor-inner-column elementor-element elementor-element-0be0899\" data-id=\"0be0899\" data-element_type=\"column\" data-e-type=\"column\">\n\t\t\t<div class=\"elementor-widget-wrap\">\n\t\t\t\t\t\t\t<\/div>\n\t\t<\/div>\n\t\t\t\t\t<\/div>\n\t\t<\/section>\n\t\t\t\t\t<\/div>\n\t\t<\/div>\n\t\t\t\t\t<\/div>\n\t\t<\/section>\n\t\t\t\t<section class=\"elementor-section elementor-top-section elementor-element elementor-element-6765f5d elementor-section-boxed elementor-section-height-default elementor-section-height-default\" data-id=\"6765f5d\" data-element_type=\"section\" data-e-type=\"section\">\n\t\t\t\t\t\t<div class=\"elementor-container elementor-column-gap-default\">\n\t\t\t\t\t<div class=\"elementor-column elementor-col-50 elementor-top-column elementor-element elementor-element-7743eab\" data-id=\"7743eab\" data-element_type=\"column\" data-e-type=\"column\">\n\t\t\t<div class=\"elementor-widget-wrap elementor-element-populated\">\n\t\t\t\t\t\t<div class=\"elementor-element elementor-element-4a941fa elementor-widget elementor-widget-image\" data-id=\"4a941fa\" data-element_type=\"widget\" data-e-type=\"widget\" data-widget_type=\"image.default\">\n\t\t\t\t<div class=\"elementor-widget-container\">\n\t\t\t\t\t\t\t\t\t\t\t\t\t\t\t<img fetchpriority=\"high\" decoding=\"async\" width=\"223\" height=\"226\" src=\"https:\/\/michelcremerfoundation.eu\/wp-content\/uploads\/2020\/01\/Deviere_Jacques.jpg\" class=\"attachment-medium_large size-medium_large wp-image-2485\" alt=\"Jacques Deviere\" srcset=\"https:\/\/michelcremerfoundation.eu\/wp-content\/uploads\/2020\/01\/Deviere_Jacques-66x66.jpg 66w, https:\/\/michelcremerfoundation.eu\/wp-content\/uploads\/2020\/01\/Deviere_Jacques-100x100.jpg 100w, https:\/\/michelcremerfoundation.eu\/wp-content\/uploads\/2020\/01\/Deviere_Jacques-200x203.jpg 200w, https:\/\/michelcremerfoundation.eu\/wp-content\/uploads\/2020\/01\/Deviere_Jacques.jpg 223w\" sizes=\"(max-width: 223px) 100vw, 223px\" \/>\t\t\t\t\t\t\t\t\t\t\t\t\t\t\t<\/div>\n\t\t\t\t<\/div>\n\t\t\t\t\t<\/div>\n\t\t<\/div>\n\t\t\t\t<div class=\"elementor-column elementor-col-50 elementor-top-column elementor-element elementor-element-f889dce\" data-id=\"f889dce\" data-element_type=\"column\" data-e-type=\"column\">\n\t\t\t<div class=\"elementor-widget-wrap elementor-element-populated\">\n\t\t\t\t\t\t<div class=\"elementor-element elementor-element-88124ef elementor-widget elementor-widget-text-editor\" data-id=\"88124ef\" data-element_type=\"widget\" data-e-type=\"widget\" data-widget_type=\"text-editor.default\">\n\t\t\t\t<div class=\"elementor-widget-container\">\n\t\t\t\t\t\t\t\t\t<p><span id=\"deviere\">Le Professeur Jacques DEVIERE est n\u00e9 le 2 avril 1958 \u00e0 Charleroi.<\/span><\/p><p>Dipl\u00f4m\u00e9 docteur en m\u00e9decine en 1983 \u00e0 l&rsquo;ULB, il se sp\u00e9cialise en gastro-ent\u00e9rologie sous la direction du Pr Michel CREMER, dipl\u00f4me qu&rsquo;il obtient en 1988. Il obtient ensuite les dipl\u00f4mes d&rsquo;agr\u00e9g\u00e9 de l&rsquo;enseignement sup\u00e9rieur de l&rsquo;ULB en 1991 en d\u00e9fendant une th\u00e8se intitul\u00e9e \u00ab\u00a0l&rsquo;interleukine 6 et le facteur de n\u00e9crose tumorale dans les h\u00e9patopathies alcooliques\u00a0\u00bb.<\/p><p>Il devient chef du service de gastro-ent\u00e9rologie, d&rsquo;h\u00e9pato-pancr\u00e9atologie et d&rsquo;oncologie digestive aux Cliniques Universitaires de Bruxelles (Erasme) en 1998 et charg\u00e9 de cours \u00e0 l&rsquo;ULB. Il devient professeur ordinaire clinique \u00e0 l&rsquo;ULB en 2011.<\/p><p>Ses sujets de recherche comprennent la pathophysiologie des maladies du foie et du pancr\u00e9as et la recherche translationnelle en particulier dans le domaine de l&rsquo;endoscopie digestive. Il est en 2013 auteur de 421 publications (H Index 67).<\/p><p>Il fut secr\u00e9taire g\u00e9n\u00e9ral de la Soci\u00e9t\u00e9 Royale Belge de Gastro-Ent\u00e9rologie de 1996 \u00e0 2001 et pr\u00e9sident de l'\u00a0\u00bbEuropean Society of Gastrointestinal Endoscopy\u00a0\u00bb de 2006 \u00e0 2008. Il est membre de l&rsquo;Acad\u00e9mie Royale de M\u00e9decine depuis 2012.<\/p>\t\t\t\t\t\t\t\t<\/div>\n\t\t\t\t<\/div>\n\t\t\t\t\t<\/div>\n\t\t<\/div>\n\t\t\t\t\t<\/div>\n\t\t<\/section>\n\t\t\t\t<\/div>\n\t\t","protected":false},"excerpt":{"rendered":"<p>Prof. Jacques Deviere Facebook Twitter Google-plus Pr\u00e9sident Le Professeur Jacques DEVIERE est n\u00e9 le 2 avril 1958 \u00e0 Charleroi. Dipl\u00f4m\u00e9 docteur en m\u00e9decine en 1983 \u00e0 l&rsquo;ULB, il se sp\u00e9cialise en gastro-ent\u00e9rologie sous la direction du Pr Michel CREMER, dipl\u00f4me qu&rsquo;il obtient en 1988. Il obtient ensuite les dipl\u00f4mes d&rsquo;agr\u00e9g\u00e9 de l&rsquo;enseignement sup\u00e9rieur de l&rsquo;ULB en 1991 en d\u00e9fendant une th\u00e8se intitul\u00e9e \u00ab\u00a0l&rsquo;interleukine 6 et le facteur de n\u00e9crose tumorale dans les h\u00e9patopathies alcooliques\u00a0\u00bb. Il devient chef du service de gastro-ent\u00e9rologie, d&rsquo;h\u00e9pato-pancr\u00e9atologie et d&rsquo;oncologie digestive aux Cliniques Universitaires de Bruxelles (Erasme) en 1998 et charg\u00e9 de cours \u00e0 l&rsquo;ULB. Il devient professeur ordinaire clinique \u00e0 l&rsquo;ULB en 2011. Ses sujets de recherche comprennent la pathophysiologie des maladies du foie et du pancr\u00e9as et la recherche translationnelle en particulier dans le domaine de l&rsquo;endoscopie digestive. Il est en 2013 auteur de 421 publications (H Index 67). Il fut secr\u00e9taire g\u00e9n\u00e9ral de la Soci\u00e9t\u00e9 Royale Belge de Gastro-Ent\u00e9rologie de 1996 \u00e0 2001 et pr\u00e9sident de l&rsquo;\u00a0\u00bbEuropean Society of Gastrointestinal Endoscopy\u00a0\u00bb de 2006 \u00e0 2008. Il est membre de l&rsquo;Acad\u00e9mie Royale de M\u00e9decine depuis 2012.<\/p>\n","protected":false},"author":8,"featured_media":0,"parent":0,"menu_order":0,"comment_status":"closed","ping_status":"closed","template":"","meta":{"give_campaign_id":0,"footnotes":""},"class_list":["post-2487","page","type-page","status-publish","hentry"],"yoast_head":"<!-- This site is optimized with the Yoast SEO plugin v27.5 - https:\/\/yoast.com\/product\/yoast-seo-wordpress\/ -->\n<title>Qui sommes-nous ? - Fondation Michel Cremer<\/title>\n<meta name=\"robots\" content=\"index, follow, max-snippet:-1, max-image-preview:large, max-video-preview:-1\" \/>\n<link rel=\"canonical\" href=\"https:\/\/michelcremerfoundation.eu\/index.php\/cv-deviere\/\" \/>\n<meta property=\"og:locale\" content=\"fr_FR\" \/>\n<meta property=\"og:type\" content=\"article\" \/>\n<meta property=\"og:title\" content=\"Qui sommes-nous ? - Fondation Michel Cremer\" \/>\n<meta property=\"og:description\" content=\"Prof. Jacques Deviere Facebook Twitter Google-plus Pr\u00e9sident Le Professeur Jacques DEVIERE est n\u00e9 le 2 avril 1958 \u00e0 Charleroi. Dipl\u00f4m\u00e9 docteur en m\u00e9decine en 1983 \u00e0 l&rsquo;ULB, il se sp\u00e9cialise en gastro-ent\u00e9rologie sous la direction du Pr Michel CREMER, dipl\u00f4me qu&rsquo;il obtient en 1988. Il obtient ensuite les dipl\u00f4mes d&rsquo;agr\u00e9g\u00e9 de l&rsquo;enseignement sup\u00e9rieur de l&rsquo;ULB en 1991 en d\u00e9fendant une th\u00e8se intitul\u00e9e \u00ab\u00a0l&rsquo;interleukine 6 et le facteur de n\u00e9crose tumorale dans les h\u00e9patopathies alcooliques\u00a0\u00bb. Il devient chef du service de gastro-ent\u00e9rologie, d&rsquo;h\u00e9pato-pancr\u00e9atologie et d&rsquo;oncologie digestive aux Cliniques Universitaires de Bruxelles (Erasme) en 1998 et charg\u00e9 de cours \u00e0 l&rsquo;ULB. Il devient professeur ordinaire clinique \u00e0 l&rsquo;ULB en 2011. Ses sujets de recherche comprennent la pathophysiologie des maladies du foie et du pancr\u00e9as et la recherche translationnelle en particulier dans le domaine de l&rsquo;endoscopie digestive. Il est en 2013 auteur de 421 publications (H Index 67). Il fut secr\u00e9taire g\u00e9n\u00e9ral de la Soci\u00e9t\u00e9 Royale Belge de Gastro-Ent\u00e9rologie de 1996 \u00e0 2001 et pr\u00e9sident de l&#039;\u00a0\u00bbEuropean Society of Gastrointestinal Endoscopy\u00a0\u00bb de 2006 \u00e0 2008. Il est membre de l&rsquo;Acad\u00e9mie Royale de M\u00e9decine depuis 2012.\" \/>\n<meta property=\"og:url\" content=\"https:\/\/michelcremerfoundation.eu\/index.php\/cv-deviere\/\" \/>\n<meta property=\"og:site_name\" content=\"Fondation Michel Cremer\" \/>\n<meta property=\"article:publisher\" content=\"https:\/\/www.facebook.com\/fondationmichelcremer\" \/>\n<meta property=\"article:modified_time\" content=\"2020-01-18T13:50:11+00:00\" \/>\n<meta property=\"og:image\" content=\"https:\/\/michelcremerfoundation.eu\/wp-content\/uploads\/2020\/01\/Deviere_Jacques.jpg\" \/>\n<meta name=\"twitter:card\" content=\"summary_large_image\" \/>\n<meta name=\"twitter:label1\" content=\"Dur\u00e9e de lecture estim\u00e9e\" \/>\n\t<meta name=\"twitter:data1\" content=\"1 minute\" \/>\n<script type=\"application\/ld+json\" class=\"yoast-schema-graph\">{\"@context\":\"https:\\\/\\\/schema.org\",\"@graph\":[{\"@type\":\"WebPage\",\"@id\":\"https:\\\/\\\/michelcremerfoundation.eu\\\/index.php\\\/cv-deviere\\\/\",\"url\":\"https:\\\/\\\/michelcremerfoundation.eu\\\/index.php\\\/cv-deviere\\\/\",\"name\":\"Qui sommes-nous ? - Fondation Michel Cremer\",\"isPartOf\":{\"@id\":\"https:\\\/\\\/michelcremerfoundation.eu\\\/#website\"},\"primaryImageOfPage\":{\"@id\":\"https:\\\/\\\/michelcremerfoundation.eu\\\/index.php\\\/cv-deviere\\\/#primaryimage\"},\"image\":{\"@id\":\"https:\\\/\\\/michelcremerfoundation.eu\\\/index.php\\\/cv-deviere\\\/#primaryimage\"},\"thumbnailUrl\":\"https:\\\/\\\/michelcremerfoundation.eu\\\/wp-content\\\/uploads\\\/2020\\\/01\\\/Deviere_Jacques.jpg\",\"datePublished\":\"2020-01-14T22:27:58+00:00\",\"dateModified\":\"2020-01-18T13:50:11+00:00\",\"breadcrumb\":{\"@id\":\"https:\\\/\\\/michelcremerfoundation.eu\\\/index.php\\\/cv-deviere\\\/#breadcrumb\"},\"inLanguage\":\"fr-FR\",\"potentialAction\":[{\"@type\":\"ReadAction\",\"target\":[\"https:\\\/\\\/michelcremerfoundation.eu\\\/index.php\\\/cv-deviere\\\/\"]}]},{\"@type\":\"ImageObject\",\"inLanguage\":\"fr-FR\",\"@id\":\"https:\\\/\\\/michelcremerfoundation.eu\\\/index.php\\\/cv-deviere\\\/#primaryimage\",\"url\":\"https:\\\/\\\/michelcremerfoundation.eu\\\/wp-content\\\/uploads\\\/2020\\\/01\\\/Deviere_Jacques.jpg\",\"contentUrl\":\"https:\\\/\\\/michelcremerfoundation.eu\\\/wp-content\\\/uploads\\\/2020\\\/01\\\/Deviere_Jacques.jpg\",\"width\":223,\"height\":226,\"caption\":\"Jacques Deviere\"},{\"@type\":\"BreadcrumbList\",\"@id\":\"https:\\\/\\\/michelcremerfoundation.eu\\\/index.php\\\/cv-deviere\\\/#breadcrumb\",\"itemListElement\":[{\"@type\":\"ListItem\",\"position\":1,\"name\":\"Accueil\",\"item\":\"https:\\\/\\\/michelcremerfoundation.eu\\\/\"},{\"@type\":\"ListItem\",\"position\":2,\"name\":\"Qui sommes-nous ?\"}]},{\"@type\":\"WebSite\",\"@id\":\"https:\\\/\\\/michelcremerfoundation.eu\\\/#website\",\"url\":\"https:\\\/\\\/michelcremerfoundation.eu\\\/\",\"name\":\"Fondation Michel Cremer\",\"description\":\"Ensemble, vers la m\u00e9decine du futur\",\"publisher\":{\"@id\":\"https:\\\/\\\/michelcremerfoundation.eu\\\/#organization\"},\"potentialAction\":[{\"@type\":\"SearchAction\",\"target\":{\"@type\":\"EntryPoint\",\"urlTemplate\":\"https:\\\/\\\/michelcremerfoundation.eu\\\/?s={search_term_string}\"},\"query-input\":{\"@type\":\"PropertyValueSpecification\",\"valueRequired\":true,\"valueName\":\"search_term_string\"}}],\"inLanguage\":\"fr-FR\"},{\"@type\":\"Organization\",\"@id\":\"https:\\\/\\\/michelcremerfoundation.eu\\\/#organization\",\"name\":\"Fondation Michel Cremer\",\"url\":\"https:\\\/\\\/michelcremerfoundation.eu\\\/\",\"logo\":{\"@type\":\"ImageObject\",\"inLanguage\":\"fr-FR\",\"@id\":\"https:\\\/\\\/michelcremerfoundation.eu\\\/#\\\/schema\\\/logo\\\/image\\\/\",\"url\":\"https:\\\/\\\/michelcremerfoundation.eu\\\/wp-content\\\/uploads\\\/2018\\\/03\\\/Logo-FMC-e1520765525490.jpg\",\"contentUrl\":\"https:\\\/\\\/michelcremerfoundation.eu\\\/wp-content\\\/uploads\\\/2018\\\/03\\\/Logo-FMC-e1520765525490.jpg\",\"width\":100,\"height\":66,\"caption\":\"Fondation Michel Cremer\"},\"image\":{\"@id\":\"https:\\\/\\\/michelcremerfoundation.eu\\\/#\\\/schema\\\/logo\\\/image\\\/\"},\"sameAs\":[\"https:\\\/\\\/www.facebook.com\\\/fondationmichelcremer\",\"https:\\\/\\\/www.linkedin.com\\\/company\\\/18897844\"]}]}<\/script>\n<!-- \/ Yoast SEO plugin. -->","yoast_head_json":{"title":"Qui sommes-nous ? - Fondation Michel Cremer","robots":{"index":"index","follow":"follow","max-snippet":"max-snippet:-1","max-image-preview":"max-image-preview:large","max-video-preview":"max-video-preview:-1"},"canonical":"https:\/\/michelcremerfoundation.eu\/index.php\/cv-deviere\/","og_locale":"fr_FR","og_type":"article","og_title":"Qui sommes-nous ? - Fondation Michel Cremer","og_description":"Prof. Jacques Deviere Facebook Twitter Google-plus Pr\u00e9sident Le Professeur Jacques DEVIERE est n\u00e9 le 2 avril 1958 \u00e0 Charleroi. Dipl\u00f4m\u00e9 docteur en m\u00e9decine en 1983 \u00e0 l&rsquo;ULB, il se sp\u00e9cialise en gastro-ent\u00e9rologie sous la direction du Pr Michel CREMER, dipl\u00f4me qu&rsquo;il obtient en 1988. Il obtient ensuite les dipl\u00f4mes d&rsquo;agr\u00e9g\u00e9 de l&rsquo;enseignement sup\u00e9rieur de l&rsquo;ULB en 1991 en d\u00e9fendant une th\u00e8se intitul\u00e9e \u00ab\u00a0l&rsquo;interleukine 6 et le facteur de n\u00e9crose tumorale dans les h\u00e9patopathies alcooliques\u00a0\u00bb. Il devient chef du service de gastro-ent\u00e9rologie, d&rsquo;h\u00e9pato-pancr\u00e9atologie et d&rsquo;oncologie digestive aux Cliniques Universitaires de Bruxelles (Erasme) en 1998 et charg\u00e9 de cours \u00e0 l&rsquo;ULB. Il devient professeur ordinaire clinique \u00e0 l&rsquo;ULB en 2011. Ses sujets de recherche comprennent la pathophysiologie des maladies du foie et du pancr\u00e9as et la recherche translationnelle en particulier dans le domaine de l&rsquo;endoscopie digestive. Il est en 2013 auteur de 421 publications (H Index 67). Il fut secr\u00e9taire g\u00e9n\u00e9ral de la Soci\u00e9t\u00e9 Royale Belge de Gastro-Ent\u00e9rologie de 1996 \u00e0 2001 et pr\u00e9sident de l'\u00a0\u00bbEuropean Society of Gastrointestinal Endoscopy\u00a0\u00bb de 2006 \u00e0 2008. Il est membre de l&rsquo;Acad\u00e9mie Royale de M\u00e9decine depuis 2012.","og_url":"https:\/\/michelcremerfoundation.eu\/index.php\/cv-deviere\/","og_site_name":"Fondation Michel Cremer","article_publisher":"https:\/\/www.facebook.com\/fondationmichelcremer","article_modified_time":"2020-01-18T13:50:11+00:00","og_image":[{"url":"https:\/\/michelcremerfoundation.eu\/wp-content\/uploads\/2020\/01\/Deviere_Jacques.jpg","type":"","width":"","height":""}],"twitter_card":"summary_large_image","twitter_misc":{"Dur\u00e9e de lecture estim\u00e9e":"1 minute"},"schema":{"@context":"https:\/\/schema.org","@graph":[{"@type":"WebPage","@id":"https:\/\/michelcremerfoundation.eu\/index.php\/cv-deviere\/","url":"https:\/\/michelcremerfoundation.eu\/index.php\/cv-deviere\/","name":"Qui sommes-nous ? - Fondation Michel Cremer","isPartOf":{"@id":"https:\/\/michelcremerfoundation.eu\/#website"},"primaryImageOfPage":{"@id":"https:\/\/michelcremerfoundation.eu\/index.php\/cv-deviere\/#primaryimage"},"image":{"@id":"https:\/\/michelcremerfoundation.eu\/index.php\/cv-deviere\/#primaryimage"},"thumbnailUrl":"https:\/\/michelcremerfoundation.eu\/wp-content\/uploads\/2020\/01\/Deviere_Jacques.jpg","datePublished":"2020-01-14T22:27:58+00:00","dateModified":"2020-01-18T13:50:11+00:00","breadcrumb":{"@id":"https:\/\/michelcremerfoundation.eu\/index.php\/cv-deviere\/#breadcrumb"},"inLanguage":"fr-FR","potentialAction":[{"@type":"ReadAction","target":["https:\/\/michelcremerfoundation.eu\/index.php\/cv-deviere\/"]}]},{"@type":"ImageObject","inLanguage":"fr-FR","@id":"https:\/\/michelcremerfoundation.eu\/index.php\/cv-deviere\/#primaryimage","url":"https:\/\/michelcremerfoundation.eu\/wp-content\/uploads\/2020\/01\/Deviere_Jacques.jpg","contentUrl":"https:\/\/michelcremerfoundation.eu\/wp-content\/uploads\/2020\/01\/Deviere_Jacques.jpg","width":223,"height":226,"caption":"Jacques Deviere"},{"@type":"BreadcrumbList","@id":"https:\/\/michelcremerfoundation.eu\/index.php\/cv-deviere\/#breadcrumb","itemListElement":[{"@type":"ListItem","position":1,"name":"Accueil","item":"https:\/\/michelcremerfoundation.eu\/"},{"@type":"ListItem","position":2,"name":"Qui sommes-nous ?"}]},{"@type":"WebSite","@id":"https:\/\/michelcremerfoundation.eu\/#website","url":"https:\/\/michelcremerfoundation.eu\/","name":"Fondation Michel Cremer","description":"Ensemble, vers la m\u00e9decine du futur","publisher":{"@id":"https:\/\/michelcremerfoundation.eu\/#organization"},"potentialAction":[{"@type":"SearchAction","target":{"@type":"EntryPoint","urlTemplate":"https:\/\/michelcremerfoundation.eu\/?s={search_term_string}"},"query-input":{"@type":"PropertyValueSpecification","valueRequired":true,"valueName":"search_term_string"}}],"inLanguage":"fr-FR"},{"@type":"Organization","@id":"https:\/\/michelcremerfoundation.eu\/#organization","name":"Fondation Michel Cremer","url":"https:\/\/michelcremerfoundation.eu\/","logo":{"@type":"ImageObject","inLanguage":"fr-FR","@id":"https:\/\/michelcremerfoundation.eu\/#\/schema\/logo\/image\/","url":"https:\/\/michelcremerfoundation.eu\/wp-content\/uploads\/2018\/03\/Logo-FMC-e1520765525490.jpg","contentUrl":"https:\/\/michelcremerfoundation.eu\/wp-content\/uploads\/2018\/03\/Logo-FMC-e1520765525490.jpg","width":100,"height":66,"caption":"Fondation Michel Cremer"},"image":{"@id":"https:\/\/michelcremerfoundation.eu\/#\/schema\/logo\/image\/"},"sameAs":["https:\/\/www.facebook.com\/fondationmichelcremer","https:\/\/www.linkedin.com\/company\/18897844"]}]}},"campaignId":"","jetpack_shortlink":"https:\/\/wp.me\/PapkNB-E7","jetpack_sharing_enabled":true,"_links":{"self":[{"href":"https:\/\/michelcremerfoundation.eu\/index.php\/wp-json\/wp\/v2\/pages\/2487","targetHints":{"allow":["GET"]}}],"collection":[{"href":"https:\/\/michelcremerfoundation.eu\/index.php\/wp-json\/wp\/v2\/pages"}],"about":[{"href":"https:\/\/michelcremerfoundation.eu\/index.php\/wp-json\/wp\/v2\/types\/page"}],"author":[{"embeddable":true,"href":"https:\/\/michelcremerfoundation.eu\/index.php\/wp-json\/wp\/v2\/users\/8"}],"replies":[{"embeddable":true,"href":"https:\/\/michelcremerfoundation.eu\/index.php\/wp-json\/wp\/v2\/comments?post=2487"}],"version-history":[{"count":10,"href":"https:\/\/michelcremerfoundation.eu\/index.php\/wp-json\/wp\/v2\/pages\/2487\/revisions"}],"predecessor-version":[{"id":2573,"href":"https:\/\/michelcremerfoundation.eu\/index.php\/wp-json\/wp\/v2\/pages\/2487\/revisions\/2573"}],"wp:attachment":[{"href":"https:\/\/michelcremerfoundation.eu\/index.php\/wp-json\/wp\/v2\/media?parent=2487"}],"curies":[{"name":"wp","href":"https:\/\/api.w.org\/{rel}","templated":true}]}}