{"id":127,"date":"2018-01-11T22:07:32","date_gmt":"2018-01-11T21:07:32","guid":{"rendered":"http:\/\/michelcremerfoundation.eu\/?page_id=127"},"modified":"2018-01-11T22:13:47","modified_gmt":"2018-01-11T21:13:47","slug":"a-propos-de","status":"publish","type":"page","link":"https:\/\/michelcremerfoundation.eu\/index.php\/a-propos-de\/","title":{"rendered":"A propos de"},"content":{"rendered":"<p style=\"text-align: justify;\">Cr\u00e9\u00e9e en 2010 en hommage \u00e0 celui qui fut un pionnier mondial de l\u2019endoscopie th\u00e9rapeutique et, pendant 22 ans, chef du service de gastro-ent\u00e9rologie de l\u2019h\u00f4pital\u00a0<img fetchpriority=\"high\" decoding=\"async\" class=\"alignright size-medium wp-image-28\" style=\"text-align: justify;\" src=\"https:\/\/fondationmichelcremer.files.wordpress.com\/2018\/01\/dsc_2456.jpg?w=300\" alt=\"DSC_2456\" width=\"300\" height=\"200\" \/>Erasme, la Fondation Michel Cremer a pour mission de\u00a0 promouvoir dans un but d\u00e9sint\u00e9ress\u00e9 et dans un esprit de neutralit\u00e9 philosophique et politique, la recherche de pointe en endoscopie.<\/p>\n<p style=\"text-align: justify;\">Ce laboratoire de renomm\u00e9e internationale pratique depuis plus de 50 ans l\u2019endoscopie th\u00e9rapeutique<\/p>\n","protected":false},"excerpt":{"rendered":"<p>Cr\u00e9\u00e9e en 2010 en hommage \u00e0 celui qui fut un pionnier mondial de l\u2019endoscopie th\u00e9rapeutique et, pendant 22 ans, chef du service de gastro-ent\u00e9rologie de l\u2019h\u00f4pital\u00a0Erasme, la Fondation Michel Cremer a pour mission de\u00a0 promouvoir dans un but d\u00e9sint\u00e9ress\u00e9 et dans un esprit de neutralit\u00e9 philosophique et politique, la recherche de pointe en endoscopie. Ce laboratoire de renomm\u00e9e internationale pratique depuis plus de 50 ans l\u2019endoscopie th\u00e9rapeutique<\/p>\n","protected":false},"author":1,"featured_media":0,"parent":0,"menu_order":0,"comment_status":"closed","ping_status":"closed","template":"","meta":{"give_campaign_id":0,"footnotes":""},"class_list":["post-127","page","type-page","status-publish","hentry"],"yoast_head":"<!-- This site is optimized with the Yoast SEO plugin v27.4 - https:\/\/yoast.com\/product\/yoast-seo-wordpress\/ -->\n<title>A propos de - Fondation Michel Cremer<\/title>\n<meta name=\"robots\" content=\"index, follow, max-snippet:-1, max-image-preview:large, max-video-preview:-1\" \/>\n<link rel=\"canonical\" href=\"https:\/\/michelcremerfoundation.eu\/index.php\/a-propos-de\/\" \/>\n<meta property=\"og:locale\" content=\"fr_FR\" \/>\n<meta property=\"og:type\" content=\"article\" \/>\n<meta property=\"og:title\" content=\"A propos de - Fondation Michel Cremer\" \/>\n<meta property=\"og:description\" content=\"Cr\u00e9\u00e9e en 2010 en hommage \u00e0 celui qui fut un pionnier mondial de l\u2019endoscopie th\u00e9rapeutique et, pendant 22 ans, chef du service de gastro-ent\u00e9rologie de l\u2019h\u00f4pital\u00a0Erasme, la Fondation Michel Cremer a pour mission de\u00a0 promouvoir dans un but d\u00e9sint\u00e9ress\u00e9 et dans un esprit de neutralit\u00e9 philosophique et politique, la recherche de pointe en endoscopie. Ce laboratoire de renomm\u00e9e internationale pratique depuis plus de 50 ans l\u2019endoscopie th\u00e9rapeutique\" \/>\n<meta property=\"og:url\" content=\"https:\/\/michelcremerfoundation.eu\/index.php\/a-propos-de\/\" \/>\n<meta property=\"og:site_name\" content=\"Fondation Michel Cremer\" \/>\n<meta property=\"article:publisher\" content=\"https:\/\/www.facebook.com\/fondationmichelcremer\" \/>\n<meta property=\"article:modified_time\" content=\"2018-01-11T21:13:47+00:00\" \/>\n<meta property=\"og:image\" content=\"https:\/\/fondationmichelcremer.files.wordpress.com\/2018\/01\/dsc_2456.jpg?w=300\" \/>\n<meta name=\"twitter:card\" content=\"summary_large_image\" \/>\n<script type=\"application\/ld+json\" class=\"yoast-schema-graph\">{\"@context\":\"https:\\\/\\\/schema.org\",\"@graph\":[{\"@type\":\"WebPage\",\"@id\":\"https:\\\/\\\/michelcremerfoundation.eu\\\/index.php\\\/a-propos-de\\\/\",\"url\":\"https:\\\/\\\/michelcremerfoundation.eu\\\/index.php\\\/a-propos-de\\\/\",\"name\":\"A propos de - Fondation Michel Cremer\",\"isPartOf\":{\"@id\":\"https:\\\/\\\/michelcremerfoundation.eu\\\/#website\"},\"primaryImageOfPage\":{\"@id\":\"https:\\\/\\\/michelcremerfoundation.eu\\\/index.php\\\/a-propos-de\\\/#primaryimage\"},\"image\":{\"@id\":\"https:\\\/\\\/michelcremerfoundation.eu\\\/index.php\\\/a-propos-de\\\/#primaryimage\"},\"thumbnailUrl\":\"https:\\\/\\\/fondationmichelcremer.files.wordpress.com\\\/2018\\\/01\\\/dsc_2456.jpg?w=300\",\"datePublished\":\"2018-01-11T21:07:32+00:00\",\"dateModified\":\"2018-01-11T21:13:47+00:00\",\"breadcrumb\":{\"@id\":\"https:\\\/\\\/michelcremerfoundation.eu\\\/index.php\\\/a-propos-de\\\/#breadcrumb\"},\"inLanguage\":\"fr-FR\",\"potentialAction\":[{\"@type\":\"ReadAction\",\"target\":[\"https:\\\/\\\/michelcremerfoundation.eu\\\/index.php\\\/a-propos-de\\\/\"]}]},{\"@type\":\"ImageObject\",\"inLanguage\":\"fr-FR\",\"@id\":\"https:\\\/\\\/michelcremerfoundation.eu\\\/index.php\\\/a-propos-de\\\/#primaryimage\",\"url\":\"https:\\\/\\\/fondationmichelcremer.files.wordpress.com\\\/2018\\\/01\\\/dsc_2456.jpg?w=300\",\"contentUrl\":\"https:\\\/\\\/fondationmichelcremer.files.wordpress.com\\\/2018\\\/01\\\/dsc_2456.jpg?w=300\"},{\"@type\":\"BreadcrumbList\",\"@id\":\"https:\\\/\\\/michelcremerfoundation.eu\\\/index.php\\\/a-propos-de\\\/#breadcrumb\",\"itemListElement\":[{\"@type\":\"ListItem\",\"position\":1,\"name\":\"Accueil\",\"item\":\"https:\\\/\\\/michelcremerfoundation.eu\\\/\"},{\"@type\":\"ListItem\",\"position\":2,\"name\":\"A propos de\"}]},{\"@type\":\"WebSite\",\"@id\":\"https:\\\/\\\/michelcremerfoundation.eu\\\/#website\",\"url\":\"https:\\\/\\\/michelcremerfoundation.eu\\\/\",\"name\":\"Fondation Michel Cremer\",\"description\":\"Ensemble, vers la m\u00e9decine du futur\",\"publisher\":{\"@id\":\"https:\\\/\\\/michelcremerfoundation.eu\\\/#organization\"},\"potentialAction\":[{\"@type\":\"SearchAction\",\"target\":{\"@type\":\"EntryPoint\",\"urlTemplate\":\"https:\\\/\\\/michelcremerfoundation.eu\\\/?s={search_term_string}\"},\"query-input\":{\"@type\":\"PropertyValueSpecification\",\"valueRequired\":true,\"valueName\":\"search_term_string\"}}],\"inLanguage\":\"fr-FR\"},{\"@type\":\"Organization\",\"@id\":\"https:\\\/\\\/michelcremerfoundation.eu\\\/#organization\",\"name\":\"Fondation Michel Cremer\",\"url\":\"https:\\\/\\\/michelcremerfoundation.eu\\\/\",\"logo\":{\"@type\":\"ImageObject\",\"inLanguage\":\"fr-FR\",\"@id\":\"https:\\\/\\\/michelcremerfoundation.eu\\\/#\\\/schema\\\/logo\\\/image\\\/\",\"url\":\"https:\\\/\\\/michelcremerfoundation.eu\\\/wp-content\\\/uploads\\\/2018\\\/03\\\/Logo-FMC-e1520765525490.jpg\",\"contentUrl\":\"https:\\\/\\\/michelcremerfoundation.eu\\\/wp-content\\\/uploads\\\/2018\\\/03\\\/Logo-FMC-e1520765525490.jpg\",\"width\":100,\"height\":66,\"caption\":\"Fondation Michel Cremer\"},\"image\":{\"@id\":\"https:\\\/\\\/michelcremerfoundation.eu\\\/#\\\/schema\\\/logo\\\/image\\\/\"},\"sameAs\":[\"https:\\\/\\\/www.facebook.com\\\/fondationmichelcremer\",\"https:\\\/\\\/www.linkedin.com\\\/company\\\/18897844\"]}]}<\/script>\n<!-- \/ Yoast SEO plugin. -->","yoast_head_json":{"title":"A propos de - Fondation Michel Cremer","robots":{"index":"index","follow":"follow","max-snippet":"max-snippet:-1","max-image-preview":"max-image-preview:large","max-video-preview":"max-video-preview:-1"},"canonical":"https:\/\/michelcremerfoundation.eu\/index.php\/a-propos-de\/","og_locale":"fr_FR","og_type":"article","og_title":"A propos de - Fondation Michel Cremer","og_description":"Cr\u00e9\u00e9e en 2010 en hommage \u00e0 celui qui fut un pionnier mondial de l\u2019endoscopie th\u00e9rapeutique et, pendant 22 ans, chef du service de gastro-ent\u00e9rologie de l\u2019h\u00f4pital\u00a0Erasme, la Fondation Michel Cremer a pour mission de\u00a0 promouvoir dans un but d\u00e9sint\u00e9ress\u00e9 et dans un esprit de neutralit\u00e9 philosophique et politique, la recherche de pointe en endoscopie. Ce laboratoire de renomm\u00e9e internationale pratique depuis plus de 50 ans l\u2019endoscopie th\u00e9rapeutique","og_url":"https:\/\/michelcremerfoundation.eu\/index.php\/a-propos-de\/","og_site_name":"Fondation Michel Cremer","article_publisher":"https:\/\/www.facebook.com\/fondationmichelcremer","article_modified_time":"2018-01-11T21:13:47+00:00","og_image":[{"url":"https:\/\/fondationmichelcremer.files.wordpress.com\/2018\/01\/dsc_2456.jpg?w=300","type":"","width":"","height":""}],"twitter_card":"summary_large_image","schema":{"@context":"https:\/\/schema.org","@graph":[{"@type":"WebPage","@id":"https:\/\/michelcremerfoundation.eu\/index.php\/a-propos-de\/","url":"https:\/\/michelcremerfoundation.eu\/index.php\/a-propos-de\/","name":"A propos de - Fondation Michel Cremer","isPartOf":{"@id":"https:\/\/michelcremerfoundation.eu\/#website"},"primaryImageOfPage":{"@id":"https:\/\/michelcremerfoundation.eu\/index.php\/a-propos-de\/#primaryimage"},"image":{"@id":"https:\/\/michelcremerfoundation.eu\/index.php\/a-propos-de\/#primaryimage"},"thumbnailUrl":"https:\/\/fondationmichelcremer.files.wordpress.com\/2018\/01\/dsc_2456.jpg?w=300","datePublished":"2018-01-11T21:07:32+00:00","dateModified":"2018-01-11T21:13:47+00:00","breadcrumb":{"@id":"https:\/\/michelcremerfoundation.eu\/index.php\/a-propos-de\/#breadcrumb"},"inLanguage":"fr-FR","potentialAction":[{"@type":"ReadAction","target":["https:\/\/michelcremerfoundation.eu\/index.php\/a-propos-de\/"]}]},{"@type":"ImageObject","inLanguage":"fr-FR","@id":"https:\/\/michelcremerfoundation.eu\/index.php\/a-propos-de\/#primaryimage","url":"https:\/\/fondationmichelcremer.files.wordpress.com\/2018\/01\/dsc_2456.jpg?w=300","contentUrl":"https:\/\/fondationmichelcremer.files.wordpress.com\/2018\/01\/dsc_2456.jpg?w=300"},{"@type":"BreadcrumbList","@id":"https:\/\/michelcremerfoundation.eu\/index.php\/a-propos-de\/#breadcrumb","itemListElement":[{"@type":"ListItem","position":1,"name":"Accueil","item":"https:\/\/michelcremerfoundation.eu\/"},{"@type":"ListItem","position":2,"name":"A propos de"}]},{"@type":"WebSite","@id":"https:\/\/michelcremerfoundation.eu\/#website","url":"https:\/\/michelcremerfoundation.eu\/","name":"Fondation Michel Cremer","description":"Ensemble, vers la m\u00e9decine du futur","publisher":{"@id":"https:\/\/michelcremerfoundation.eu\/#organization"},"potentialAction":[{"@type":"SearchAction","target":{"@type":"EntryPoint","urlTemplate":"https:\/\/michelcremerfoundation.eu\/?s={search_term_string}"},"query-input":{"@type":"PropertyValueSpecification","valueRequired":true,"valueName":"search_term_string"}}],"inLanguage":"fr-FR"},{"@type":"Organization","@id":"https:\/\/michelcremerfoundation.eu\/#organization","name":"Fondation Michel Cremer","url":"https:\/\/michelcremerfoundation.eu\/","logo":{"@type":"ImageObject","inLanguage":"fr-FR","@id":"https:\/\/michelcremerfoundation.eu\/#\/schema\/logo\/image\/","url":"https:\/\/michelcremerfoundation.eu\/wp-content\/uploads\/2018\/03\/Logo-FMC-e1520765525490.jpg","contentUrl":"https:\/\/michelcremerfoundation.eu\/wp-content\/uploads\/2018\/03\/Logo-FMC-e1520765525490.jpg","width":100,"height":66,"caption":"Fondation Michel Cremer"},"image":{"@id":"https:\/\/michelcremerfoundation.eu\/#\/schema\/logo\/image\/"},"sameAs":["https:\/\/www.facebook.com\/fondationmichelcremer","https:\/\/www.linkedin.com\/company\/18897844"]}]}},"campaignId":"","jetpack_shortlink":"https:\/\/wp.me\/PapkNB-23","jetpack_sharing_enabled":true,"_links":{"self":[{"href":"https:\/\/michelcremerfoundation.eu\/index.php\/wp-json\/wp\/v2\/pages\/127","targetHints":{"allow":["GET"]}}],"collection":[{"href":"https:\/\/michelcremerfoundation.eu\/index.php\/wp-json\/wp\/v2\/pages"}],"about":[{"href":"https:\/\/michelcremerfoundation.eu\/index.php\/wp-json\/wp\/v2\/types\/page"}],"author":[{"embeddable":true,"href":"https:\/\/michelcremerfoundation.eu\/index.php\/wp-json\/wp\/v2\/users\/1"}],"replies":[{"embeddable":true,"href":"https:\/\/michelcremerfoundation.eu\/index.php\/wp-json\/wp\/v2\/comments?post=127"}],"version-history":[{"count":3,"href":"https:\/\/michelcremerfoundation.eu\/index.php\/wp-json\/wp\/v2\/pages\/127\/revisions"}],"predecessor-version":[{"id":131,"href":"https:\/\/michelcremerfoundation.eu\/index.php\/wp-json\/wp\/v2\/pages\/127\/revisions\/131"}],"wp:attachment":[{"href":"https:\/\/michelcremerfoundation.eu\/index.php\/wp-json\/wp\/v2\/media?parent=127"}],"curies":[{"name":"wp","href":"https:\/\/api.w.org\/{rel}","templated":true}]}}