{"id":1031,"date":"2018-10-02T10:40:26","date_gmt":"2018-10-02T08:40:26","guid":{"rendered":"https:\/\/michelcremerfoundation.eu\/?page_id=1031"},"modified":"2018-10-03T10:47:11","modified_gmt":"2018-10-03T08:47:11","slug":"participez-avec-votre-entreprise","status":"publish","type":"page","link":"https:\/\/michelcremerfoundation.eu\/index.php\/participez-avec-votre-entreprise\/","title":{"rendered":"Participez avec votre entreprise"},"content":{"rendered":"\t\t<div data-elementor-type=\"wp-post\" data-elementor-id=\"1031\" class=\"elementor elementor-1031 elementor-bc-flex-widget\">\n\t\t\t\t\t\t<section class=\"elementor-section elementor-top-section elementor-element elementor-element-dc49a65 elementor-section-boxed elementor-section-height-default elementor-section-height-default\" data-id=\"dc49a65\" data-element_type=\"section\" data-e-type=\"section\">\n\t\t\t\t\t\t<div class=\"elementor-container elementor-column-gap-no\">\n\t\t\t\t\t<div class=\"elementor-column elementor-col-100 elementor-top-column elementor-element elementor-element-d23d6a8\" data-id=\"d23d6a8\" data-element_type=\"column\" data-e-type=\"column\">\n\t\t\t<div class=\"elementor-widget-wrap elementor-element-populated\">\n\t\t\t\t\t\t<div class=\"elementor-element elementor-element-25dd5fc elementor-widget elementor-widget-heading\" data-id=\"25dd5fc\" data-element_type=\"widget\" data-e-type=\"widget\" data-widget_type=\"heading.default\">\n\t\t\t\t<div class=\"elementor-widget-container\">\n\t\t\t\t\t<h2 class=\"elementor-heading-title elementor-size-default\">S\u2019engager aux c\u00f4t\u00e9s de la Fondation Michel Cremer<\/h2>\t\t\t\t<\/div>\n\t\t\t\t<\/div>\n\t\t\t\t<div class=\"elementor-element elementor-element-1641521 elementor-widget elementor-widget-text-editor\" data-id=\"1641521\" data-element_type=\"widget\" data-e-type=\"widget\" data-widget_type=\"text-editor.default\">\n\t\t\t\t<div class=\"elementor-widget-container\">\n\t\t\t\t\t\t\t\t\t<p style=\"font-weight: 400;\"><strong>C\u2019est contribuer \u00e0 sauver des vie en finan\u00e7ant le d\u00e9veloppement de medical device et affirmer ainsi la responsabilit\u00e9 sociale de votre entreprise.<\/strong><\/p><p style=\"font-weight: 400;\">Il existe de nombreuses fa\u00e7ons de soutenir la Fondation Michel Cremer. Nous serions heureux de parler avec vous du partenariat qui ressemble le plus \u00e0 votre entreprise. Voici d\u00e9j\u00e0 quelques exemples:<\/p><h3><strong>Nous soutenir par l&rsquo;implication de vos collaborateurs<\/strong><\/h3><p style=\"font-weight: 400;\">Vous pouvez inciter les collaborateurs de votre entreprise \u00e0 donner de leur temps et de leur enthousiasme, dans leur domaine de comp\u00e9tence (IT, Communication, gestion de projets, etc.), pour soutenir la Fondation Michel Cremer.<\/p><h3><strong>Nous aider \u00e0 diffuser notre message<\/strong><\/h3><p style=\"font-weight: 400;\">Vous disposez d\u2019un journal d\u2019entreprise, d\u2019un site web, d\u2019une newsletter, de campagne d\u2019e-mailings ou de toute autre forme d\u2019espace m\u00e9dia\u00a0? Aidez-nous \u00e0 diffuser\u00a0notre message et nos campagnes de sensibilisation\u00a0pour faire conna\u00eetre notre action.<\/p><h3><strong>Nous soutenir via un \u00e9v\u00e9nement<\/strong><\/h3><p style=\"font-weight: 400;\">Vous pouvez organiser un \u00e9v\u00e9nement au profit de la Fondation Michel Cremer (tombola, collecte,\u2026). Vous pouvez \u00e9galement associer votre entreprise aux\u00a0\u00e9v\u00e9nementsque nous mettons sur pied ou auxquels nous participons\u00a0(Biketour,\u00a020 km de Bruxelles, &#8230;).\u00a0<\/p><h3><strong>Nous associer \u00e0 certains de vos produits ou services<\/strong><\/h3><p style=\"font-weight: 400;\">Le grand public appr\u00e9cie les entreprises qui, \u00e0 travers leurs produits ou services, s\u2019associent \u00e0 des organisations philanthropiques , par exemple en leur reversant une partie de leur b\u00e9n\u00e9fice sur la vente d\u2019un produit ou d\u2019une cat\u00e9gorie de produits. Vous \u00e9tablissez ainsi un partenariat solidaire entre votre entreprise, vos clients et la Fondation Michel Cremer.<\/p>\t\t\t\t\t\t\t\t<\/div>\n\t\t\t\t<\/div>\n\t\t\t\t\t<\/div>\n\t\t<\/div>\n\t\t\t\t\t<\/div>\n\t\t<\/section>\n\t\t\t\t<section class=\"elementor-section elementor-top-section elementor-element elementor-element-a79b0f4 elementor-section-full_width elementor-section-height-default elementor-section-height-default\" data-id=\"a79b0f4\" data-element_type=\"section\" data-e-type=\"section\">\n\t\t\t\t\t\t<div class=\"elementor-container elementor-column-gap-no\">\n\t\t\t\t\t<div class=\"elementor-column elementor-col-50 elementor-top-column elementor-element elementor-element-e2f112a\" data-id=\"e2f112a\" data-element_type=\"column\" data-e-type=\"column\" data-settings=\"{&quot;background_background&quot;:&quot;gradient&quot;}\">\n\t\t\t<div class=\"elementor-widget-wrap elementor-element-populated\">\n\t\t\t\t\t\t<div class=\"elementor-element elementor-element-7c1fa78 elementor-widget elementor-widget-heading\" data-id=\"7c1fa78\" data-element_type=\"widget\" data-e-type=\"widget\" data-widget_type=\"heading.default\">\n\t\t\t\t<div class=\"elementor-widget-container\">\n\t\t\t\t\t<h2 class=\"elementor-heading-title elementor-size-default\">Faites un don<\/h2>\t\t\t\t<\/div>\n\t\t\t\t<\/div>\n\t\t\t\t<div class=\"elementor-element elementor-element-93be02b elementor-widget elementor-widget-text-editor\" data-id=\"93be02b\" data-element_type=\"widget\" data-e-type=\"widget\" data-widget_type=\"text-editor.default\">\n\t\t\t\t<div class=\"elementor-widget-container\">\n\t\t\t\t\t\t\t\t\t<p style=\"font-weight: 400;\">Vous pouvez apporter votre soutien via une aide financi\u00e8re directe, sous forme de sponsoring ou par des dons en nature,\u00a0\u00a0qui pourraient nous soutenir dans notre action.<\/p>\t\t\t\t\t\t\t\t<\/div>\n\t\t\t\t<\/div>\n\t\t\t\t<div class=\"elementor-element elementor-element-e4ca8f3 elementor-align-center button-white elementor-widget elementor-widget-button\" data-id=\"e4ca8f3\" data-element_type=\"widget\" data-e-type=\"widget\" data-widget_type=\"button.default\">\n\t\t\t\t<div class=\"elementor-widget-container\">\n\t\t\t\t\t\t\t\t\t<div class=\"elementor-button-wrapper\">\n\t\t\t\t\t<a class=\"elementor-button elementor-button-link elementor-size-sm\" href=\"\/index.php\/soutenez-nous\">\n\t\t\t\t\t\t<span class=\"elementor-button-content-wrapper\">\n\t\t\t\t\t\t\t\t\t<span class=\"elementor-button-text\">Faites un don<\/span>\n\t\t\t\t\t<\/span>\n\t\t\t\t\t<\/a>\n\t\t\t\t<\/div>\n\t\t\t\t\t\t\t\t<\/div>\n\t\t\t\t<\/div>\n\t\t\t\t\t<\/div>\n\t\t<\/div>\n\t\t\t\t<div class=\"elementor-column elementor-col-50 elementor-top-column elementor-element elementor-element-833ef84\" data-id=\"833ef84\" data-element_type=\"column\" data-e-type=\"column\" data-settings=\"{&quot;background_background&quot;:&quot;classic&quot;}\">\n\t\t\t<div class=\"elementor-widget-wrap elementor-element-populated\">\n\t\t\t\t\t\t<div class=\"elementor-element elementor-element-9bbb62a elementor-widget elementor-widget-spacer\" data-id=\"9bbb62a\" data-element_type=\"widget\" data-e-type=\"widget\" data-widget_type=\"spacer.default\">\n\t\t\t\t<div class=\"elementor-widget-container\">\n\t\t\t\t\t\t\t<div class=\"elementor-spacer\">\n\t\t\t<div class=\"elementor-spacer-inner\"><\/div>\n\t\t<\/div>\n\t\t\t\t\t\t<\/div>\n\t\t\t\t<\/div>\n\t\t\t\t\t<\/div>\n\t\t<\/div>\n\t\t\t\t\t<\/div>\n\t\t<\/section>\n\t\t\t\t<section class=\"elementor-section elementor-top-section elementor-element elementor-element-41dd782 elementor-section-boxed elementor-section-height-default elementor-section-height-default\" data-id=\"41dd782\" data-element_type=\"section\" data-e-type=\"section\">\n\t\t\t\t\t\t<div class=\"elementor-container elementor-column-gap-default\">\n\t\t\t\t\t<div class=\"elementor-column elementor-col-100 elementor-top-column elementor-element elementor-element-7f2b77d\" data-id=\"7f2b77d\" data-element_type=\"column\" data-e-type=\"column\">\n\t\t\t<div class=\"elementor-widget-wrap elementor-element-populated\">\n\t\t\t\t\t\t<div class=\"elementor-element elementor-element-0eef446 elementor-widget elementor-widget-heading\" data-id=\"0eef446\" data-element_type=\"widget\" data-e-type=\"widget\" data-widget_type=\"heading.default\">\n\t\t\t\t<div class=\"elementor-widget-container\">\n\t\t\t\t\t<h2 class=\"elementor-heading-title elementor-size-default\">Une collaboration sur mesure<\/h2>\t\t\t\t<\/div>\n\t\t\t\t<\/div>\n\t\t\t\t<div class=\"elementor-element elementor-element-e290e91 elementor-widget elementor-widget-text-editor\" data-id=\"e290e91\" data-element_type=\"widget\" data-e-type=\"widget\" data-widget_type=\"text-editor.default\">\n\t\t\t\t<div class=\"elementor-widget-container\">\n\t\t\t\t\t\t\t\t\t<p>Si vous avez la volont\u00e9 de travailler avec nous, il est \u00e9vident que toutes les possibilit\u00e9s sont ouvertes. Le mieux est d\u2019en parler ensemble.<br \/><span style=\"letter-spacing: 0px;\">N&rsquo;h\u00e9sitez pas \u00e0 prendre contact avec nous.<\/span><\/p><p><b>Vous voulez en parler avec nous\u00a0?<br \/><\/b>Contactez nous au<strong>\u00a002\/6726236 ou 0475\/531638<\/strong><\/p>\t\t\t\t\t\t\t\t<\/div>\n\t\t\t\t<\/div>\n\t\t\t\t\t<\/div>\n\t\t<\/div>\n\t\t\t\t\t<\/div>\n\t\t<\/section>\n\t\t\t\t<\/div>\n\t\t","protected":false},"excerpt":{"rendered":"<p>S\u2019engager aux c\u00f4t\u00e9s de la Fondation Michel Cremer C\u2019est contribuer \u00e0 sauver des vie en finan\u00e7ant le d\u00e9veloppement de medical device et affirmer ainsi la responsabilit\u00e9 sociale de votre entreprise. Il existe de nombreuses fa\u00e7ons de soutenir la Fondation Michel Cremer. Nous serions heureux de parler avec vous du partenariat qui ressemble le plus \u00e0 votre entreprise. Voici d\u00e9j\u00e0 quelques exemples: Nous soutenir par l&rsquo;implication de vos collaborateurs Vous pouvez inciter les collaborateurs de votre entreprise \u00e0 donner de leur temps et de leur enthousiasme, dans leur domaine de comp\u00e9tence (IT, Communication, gestion de projets, etc.), pour soutenir la Fondation Michel Cremer. Nous aider \u00e0 diffuser notre message Vous disposez d\u2019un journal d\u2019entreprise, d\u2019un site web, d\u2019une newsletter, de campagne d\u2019e-mailings ou de toute autre forme d\u2019espace m\u00e9dia\u00a0? Aidez-nous \u00e0 diffuser\u00a0notre message et nos campagnes de sensibilisation\u00a0pour faire conna\u00eetre notre action. Nous soutenir via un \u00e9v\u00e9nement Vous pouvez organiser un \u00e9v\u00e9nement au profit de la Fondation Michel Cremer (tombola, collecte,\u2026). Vous pouvez \u00e9galement associer votre entreprise aux\u00a0\u00e9v\u00e9nementsque nous mettons sur pied ou auxquels nous participons\u00a0(Biketour,\u00a020 km de Bruxelles, &#8230;).\u00a0 Nous associer \u00e0 certains de vos produits ou services Le grand public appr\u00e9cie les entreprises qui, \u00e0 travers leurs produits ou services, s\u2019associent \u00e0 des organisations philanthropiques , par exemple en leur reversant une partie de leur b\u00e9n\u00e9fice sur la vente [&hellip;]<\/p>\n","protected":false},"author":5,"featured_media":0,"parent":0,"menu_order":0,"comment_status":"closed","ping_status":"closed","template":"","meta":{"give_campaign_id":0,"footnotes":""},"class_list":["post-1031","page","type-page","status-publish","hentry"],"yoast_head":"<!-- This site is optimized with the Yoast SEO plugin v27.4 - https:\/\/yoast.com\/product\/yoast-seo-wordpress\/ -->\n<title>Participez avec votre entreprise - Fondation Michel Cremer<\/title>\n<meta name=\"robots\" content=\"index, follow, max-snippet:-1, max-image-preview:large, max-video-preview:-1\" \/>\n<link rel=\"canonical\" href=\"https:\/\/michelcremerfoundation.eu\/index.php\/participez-avec-votre-entreprise\/\" \/>\n<meta property=\"og:locale\" content=\"fr_FR\" \/>\n<meta property=\"og:type\" content=\"article\" \/>\n<meta property=\"og:title\" content=\"Participez avec votre entreprise - Fondation Michel Cremer\" \/>\n<meta property=\"og:description\" content=\"S\u2019engager aux c\u00f4t\u00e9s de la Fondation Michel Cremer C\u2019est contribuer \u00e0 sauver des vie en finan\u00e7ant le d\u00e9veloppement de medical device et affirmer ainsi la responsabilit\u00e9 sociale de votre entreprise. Il existe de nombreuses fa\u00e7ons de soutenir la Fondation Michel Cremer. Nous serions heureux de parler avec vous du partenariat qui ressemble le plus \u00e0 votre entreprise. Voici d\u00e9j\u00e0 quelques exemples: Nous soutenir par l&rsquo;implication de vos collaborateurs Vous pouvez inciter les collaborateurs de votre entreprise \u00e0 donner de leur temps et de leur enthousiasme, dans leur domaine de comp\u00e9tence (IT, Communication, gestion de projets, etc.), pour soutenir la Fondation Michel Cremer. Nous aider \u00e0 diffuser notre message Vous disposez d\u2019un journal d\u2019entreprise, d\u2019un site web, d\u2019une newsletter, de campagne d\u2019e-mailings ou de toute autre forme d\u2019espace m\u00e9dia\u00a0? Aidez-nous \u00e0 diffuser\u00a0notre message et nos campagnes de sensibilisation\u00a0pour faire conna\u00eetre notre action. Nous soutenir via un \u00e9v\u00e9nement Vous pouvez organiser un \u00e9v\u00e9nement au profit de la Fondation Michel Cremer (tombola, collecte,\u2026). Vous pouvez \u00e9galement associer votre entreprise aux\u00a0\u00e9v\u00e9nementsque nous mettons sur pied ou auxquels nous participons\u00a0(Biketour,\u00a020 km de Bruxelles, &#8230;).\u00a0 Nous associer \u00e0 certains de vos produits ou services Le grand public appr\u00e9cie les entreprises qui, \u00e0 travers leurs produits ou services, s\u2019associent \u00e0 des organisations philanthropiques , par exemple en leur reversant une partie de leur b\u00e9n\u00e9fice sur la vente [&hellip;]\" \/>\n<meta property=\"og:url\" content=\"https:\/\/michelcremerfoundation.eu\/index.php\/participez-avec-votre-entreprise\/\" \/>\n<meta property=\"og:site_name\" content=\"Fondation Michel Cremer\" \/>\n<meta property=\"article:publisher\" content=\"https:\/\/www.facebook.com\/fondationmichelcremer\" \/>\n<meta property=\"article:modified_time\" content=\"2018-10-03T08:47:11+00:00\" \/>\n<meta property=\"og:image\" content=\"https:\/\/michelcremerfoundation.eu\/wp-content\/uploads\/2018\/06\/FMC-LOGO-NEW-TXT-NOIR.png\" \/>\n\t<meta property=\"og:image:width\" content=\"1662\" \/>\n\t<meta property=\"og:image:height\" content=\"1598\" \/>\n\t<meta property=\"og:image:type\" content=\"image\/png\" \/>\n<meta name=\"twitter:card\" content=\"summary_large_image\" \/>\n<meta name=\"twitter:label1\" content=\"Dur\u00e9e de lecture estim\u00e9e\" \/>\n\t<meta name=\"twitter:data1\" content=\"2 minutes\" \/>\n<script type=\"application\/ld+json\" class=\"yoast-schema-graph\">{\"@context\":\"https:\\\/\\\/schema.org\",\"@graph\":[{\"@type\":\"WebPage\",\"@id\":\"https:\\\/\\\/michelcremerfoundation.eu\\\/index.php\\\/participez-avec-votre-entreprise\\\/\",\"url\":\"https:\\\/\\\/michelcremerfoundation.eu\\\/index.php\\\/participez-avec-votre-entreprise\\\/\",\"name\":\"Participez avec votre entreprise - Fondation Michel Cremer\",\"isPartOf\":{\"@id\":\"https:\\\/\\\/michelcremerfoundation.eu\\\/#website\"},\"datePublished\":\"2018-10-02T08:40:26+00:00\",\"dateModified\":\"2018-10-03T08:47:11+00:00\",\"breadcrumb\":{\"@id\":\"https:\\\/\\\/michelcremerfoundation.eu\\\/index.php\\\/participez-avec-votre-entreprise\\\/#breadcrumb\"},\"inLanguage\":\"fr-FR\",\"potentialAction\":[{\"@type\":\"ReadAction\",\"target\":[\"https:\\\/\\\/michelcremerfoundation.eu\\\/index.php\\\/participez-avec-votre-entreprise\\\/\"]}]},{\"@type\":\"BreadcrumbList\",\"@id\":\"https:\\\/\\\/michelcremerfoundation.eu\\\/index.php\\\/participez-avec-votre-entreprise\\\/#breadcrumb\",\"itemListElement\":[{\"@type\":\"ListItem\",\"position\":1,\"name\":\"Accueil\",\"item\":\"https:\\\/\\\/michelcremerfoundation.eu\\\/\"},{\"@type\":\"ListItem\",\"position\":2,\"name\":\"Participez avec votre entreprise\"}]},{\"@type\":\"WebSite\",\"@id\":\"https:\\\/\\\/michelcremerfoundation.eu\\\/#website\",\"url\":\"https:\\\/\\\/michelcremerfoundation.eu\\\/\",\"name\":\"Fondation Michel Cremer\",\"description\":\"Ensemble, vers la m\u00e9decine du futur\",\"publisher\":{\"@id\":\"https:\\\/\\\/michelcremerfoundation.eu\\\/#organization\"},\"potentialAction\":[{\"@type\":\"SearchAction\",\"target\":{\"@type\":\"EntryPoint\",\"urlTemplate\":\"https:\\\/\\\/michelcremerfoundation.eu\\\/?s={search_term_string}\"},\"query-input\":{\"@type\":\"PropertyValueSpecification\",\"valueRequired\":true,\"valueName\":\"search_term_string\"}}],\"inLanguage\":\"fr-FR\"},{\"@type\":\"Organization\",\"@id\":\"https:\\\/\\\/michelcremerfoundation.eu\\\/#organization\",\"name\":\"Fondation Michel Cremer\",\"url\":\"https:\\\/\\\/michelcremerfoundation.eu\\\/\",\"logo\":{\"@type\":\"ImageObject\",\"inLanguage\":\"fr-FR\",\"@id\":\"https:\\\/\\\/michelcremerfoundation.eu\\\/#\\\/schema\\\/logo\\\/image\\\/\",\"url\":\"https:\\\/\\\/michelcremerfoundation.eu\\\/wp-content\\\/uploads\\\/2018\\\/03\\\/Logo-FMC-e1520765525490.jpg\",\"contentUrl\":\"https:\\\/\\\/michelcremerfoundation.eu\\\/wp-content\\\/uploads\\\/2018\\\/03\\\/Logo-FMC-e1520765525490.jpg\",\"width\":100,\"height\":66,\"caption\":\"Fondation Michel Cremer\"},\"image\":{\"@id\":\"https:\\\/\\\/michelcremerfoundation.eu\\\/#\\\/schema\\\/logo\\\/image\\\/\"},\"sameAs\":[\"https:\\\/\\\/www.facebook.com\\\/fondationmichelcremer\",\"https:\\\/\\\/www.linkedin.com\\\/company\\\/18897844\"]}]}<\/script>\n<!-- \/ Yoast SEO plugin. -->","yoast_head_json":{"title":"Participez avec votre entreprise - Fondation Michel Cremer","robots":{"index":"index","follow":"follow","max-snippet":"max-snippet:-1","max-image-preview":"max-image-preview:large","max-video-preview":"max-video-preview:-1"},"canonical":"https:\/\/michelcremerfoundation.eu\/index.php\/participez-avec-votre-entreprise\/","og_locale":"fr_FR","og_type":"article","og_title":"Participez avec votre entreprise - Fondation Michel Cremer","og_description":"S\u2019engager aux c\u00f4t\u00e9s de la Fondation Michel Cremer C\u2019est contribuer \u00e0 sauver des vie en finan\u00e7ant le d\u00e9veloppement de medical device et affirmer ainsi la responsabilit\u00e9 sociale de votre entreprise. Il existe de nombreuses fa\u00e7ons de soutenir la Fondation Michel Cremer. Nous serions heureux de parler avec vous du partenariat qui ressemble le plus \u00e0 votre entreprise. Voici d\u00e9j\u00e0 quelques exemples: Nous soutenir par l&rsquo;implication de vos collaborateurs Vous pouvez inciter les collaborateurs de votre entreprise \u00e0 donner de leur temps et de leur enthousiasme, dans leur domaine de comp\u00e9tence (IT, Communication, gestion de projets, etc.), pour soutenir la Fondation Michel Cremer. Nous aider \u00e0 diffuser notre message Vous disposez d\u2019un journal d\u2019entreprise, d\u2019un site web, d\u2019une newsletter, de campagne d\u2019e-mailings ou de toute autre forme d\u2019espace m\u00e9dia\u00a0? Aidez-nous \u00e0 diffuser\u00a0notre message et nos campagnes de sensibilisation\u00a0pour faire conna\u00eetre notre action. Nous soutenir via un \u00e9v\u00e9nement Vous pouvez organiser un \u00e9v\u00e9nement au profit de la Fondation Michel Cremer (tombola, collecte,\u2026). Vous pouvez \u00e9galement associer votre entreprise aux\u00a0\u00e9v\u00e9nementsque nous mettons sur pied ou auxquels nous participons\u00a0(Biketour,\u00a020 km de Bruxelles, &#8230;).\u00a0 Nous associer \u00e0 certains de vos produits ou services Le grand public appr\u00e9cie les entreprises qui, \u00e0 travers leurs produits ou services, s\u2019associent \u00e0 des organisations philanthropiques , par exemple en leur reversant une partie de leur b\u00e9n\u00e9fice sur la vente [&hellip;]","og_url":"https:\/\/michelcremerfoundation.eu\/index.php\/participez-avec-votre-entreprise\/","og_site_name":"Fondation Michel Cremer","article_publisher":"https:\/\/www.facebook.com\/fondationmichelcremer","article_modified_time":"2018-10-03T08:47:11+00:00","og_image":[{"width":1662,"height":1598,"url":"https:\/\/michelcremerfoundation.eu\/wp-content\/uploads\/2018\/06\/FMC-LOGO-NEW-TXT-NOIR.png","type":"image\/png"}],"twitter_card":"summary_large_image","twitter_misc":{"Dur\u00e9e de lecture estim\u00e9e":"2 minutes"},"schema":{"@context":"https:\/\/schema.org","@graph":[{"@type":"WebPage","@id":"https:\/\/michelcremerfoundation.eu\/index.php\/participez-avec-votre-entreprise\/","url":"https:\/\/michelcremerfoundation.eu\/index.php\/participez-avec-votre-entreprise\/","name":"Participez avec votre entreprise - Fondation Michel Cremer","isPartOf":{"@id":"https:\/\/michelcremerfoundation.eu\/#website"},"datePublished":"2018-10-02T08:40:26+00:00","dateModified":"2018-10-03T08:47:11+00:00","breadcrumb":{"@id":"https:\/\/michelcremerfoundation.eu\/index.php\/participez-avec-votre-entreprise\/#breadcrumb"},"inLanguage":"fr-FR","potentialAction":[{"@type":"ReadAction","target":["https:\/\/michelcremerfoundation.eu\/index.php\/participez-avec-votre-entreprise\/"]}]},{"@type":"BreadcrumbList","@id":"https:\/\/michelcremerfoundation.eu\/index.php\/participez-avec-votre-entreprise\/#breadcrumb","itemListElement":[{"@type":"ListItem","position":1,"name":"Accueil","item":"https:\/\/michelcremerfoundation.eu\/"},{"@type":"ListItem","position":2,"name":"Participez avec votre entreprise"}]},{"@type":"WebSite","@id":"https:\/\/michelcremerfoundation.eu\/#website","url":"https:\/\/michelcremerfoundation.eu\/","name":"Fondation Michel Cremer","description":"Ensemble, vers la m\u00e9decine du futur","publisher":{"@id":"https:\/\/michelcremerfoundation.eu\/#organization"},"potentialAction":[{"@type":"SearchAction","target":{"@type":"EntryPoint","urlTemplate":"https:\/\/michelcremerfoundation.eu\/?s={search_term_string}"},"query-input":{"@type":"PropertyValueSpecification","valueRequired":true,"valueName":"search_term_string"}}],"inLanguage":"fr-FR"},{"@type":"Organization","@id":"https:\/\/michelcremerfoundation.eu\/#organization","name":"Fondation Michel Cremer","url":"https:\/\/michelcremerfoundation.eu\/","logo":{"@type":"ImageObject","inLanguage":"fr-FR","@id":"https:\/\/michelcremerfoundation.eu\/#\/schema\/logo\/image\/","url":"https:\/\/michelcremerfoundation.eu\/wp-content\/uploads\/2018\/03\/Logo-FMC-e1520765525490.jpg","contentUrl":"https:\/\/michelcremerfoundation.eu\/wp-content\/uploads\/2018\/03\/Logo-FMC-e1520765525490.jpg","width":100,"height":66,"caption":"Fondation Michel Cremer"},"image":{"@id":"https:\/\/michelcremerfoundation.eu\/#\/schema\/logo\/image\/"},"sameAs":["https:\/\/www.facebook.com\/fondationmichelcremer","https:\/\/www.linkedin.com\/company\/18897844"]}]}},"campaignId":"","jetpack_shortlink":"https:\/\/wp.me\/PapkNB-gD","jetpack_sharing_enabled":true,"_links":{"self":[{"href":"https:\/\/michelcremerfoundation.eu\/index.php\/wp-json\/wp\/v2\/pages\/1031","targetHints":{"allow":["GET"]}}],"collection":[{"href":"https:\/\/michelcremerfoundation.eu\/index.php\/wp-json\/wp\/v2\/pages"}],"about":[{"href":"https:\/\/michelcremerfoundation.eu\/index.php\/wp-json\/wp\/v2\/types\/page"}],"author":[{"embeddable":true,"href":"https:\/\/michelcremerfoundation.eu\/index.php\/wp-json\/wp\/v2\/users\/5"}],"replies":[{"embeddable":true,"href":"https:\/\/michelcremerfoundation.eu\/index.php\/wp-json\/wp\/v2\/comments?post=1031"}],"version-history":[{"count":17,"href":"https:\/\/michelcremerfoundation.eu\/index.php\/wp-json\/wp\/v2\/pages\/1031\/revisions"}],"predecessor-version":[{"id":1100,"href":"https:\/\/michelcremerfoundation.eu\/index.php\/wp-json\/wp\/v2\/pages\/1031\/revisions\/1100"}],"wp:attachment":[{"href":"https:\/\/michelcremerfoundation.eu\/index.php\/wp-json\/wp\/v2\/media?parent=1031"}],"curies":[{"name":"wp","href":"https:\/\/api.w.org\/{rel}","templated":true}]}}