{"version":"1.0","provider_name":"Fondation Michel Cremer","provider_url":"https:\/\/michelcremerfoundation.eu","author_name":"Carine D'Hamers","author_url":"https:\/\/michelcremerfoundation.eu\/index.php\/author\/cdhac\/","title":"Qui sommes-nous ? - Fondation Michel Cremer","type":"rich","width":600,"height":338,"html":"<blockquote class=\"wp-embedded-content\" data-secret=\"NVBIuZtkhR\"><a href=\"https:\/\/michelcremerfoundation.eu\/index.php\/cv-vanlaethem\/\">Qui sommes-nous ?<\/a><\/blockquote><iframe sandbox=\"allow-scripts\" security=\"restricted\" src=\"https:\/\/michelcremerfoundation.eu\/index.php\/cv-vanlaethem\/embed\/#?secret=NVBIuZtkhR\" width=\"600\" height=\"338\" title=\"\u00ab\u00a0Qui sommes-nous ?\u00a0\u00bb &#8212; Fondation Michel Cremer\" data-secret=\"NVBIuZtkhR\" frameborder=\"0\" marginwidth=\"0\" marginheight=\"0\" scrolling=\"no\" class=\"wp-embedded-content\"><\/iframe><script type=\"text\/javascript\">\n\/* <![CDATA[ *\/\n\/*! This file is auto-generated *\/\n!function(d,l){\"use strict\";l.querySelector&&d.addEventListener&&\"undefined\"!=typeof URL&&(d.wp=d.wp||{},d.wp.receiveEmbedMessage||(d.wp.receiveEmbedMessage=function(e){var t=e.data;if((t||t.secret||t.message||t.value)&&!\/[^a-zA-Z0-9]\/.test(t.secret)){for(var s,r,n,a=l.querySelectorAll('iframe[data-secret=\"'+t.secret+'\"]'),o=l.querySelectorAll('blockquote[data-secret=\"'+t.secret+'\"]'),c=new RegExp(\"^https?:$\",\"i\"),i=0;i<o.length;i++)o[i].style.display=\"none\";for(i=0;i<a.length;i++)s=a[i],e.source===s.contentWindow&&(s.removeAttribute(\"style\"),\"height\"===t.message?(1e3<(r=parseInt(t.value,10))?r=1e3:~~r<200&&(r=200),s.height=r):\"link\"===t.message&&(r=new URL(s.getAttribute(\"src\")),n=new URL(t.value),c.test(n.protocol))&&n.host===r.host&&l.activeElement===s&&(d.top.location.href=t.value))}},d.addEventListener(\"message\",d.wp.receiveEmbedMessage,!1),l.addEventListener(\"DOMContentLoaded\",function(){for(var e,t,s=l.querySelectorAll(\"iframe.wp-embedded-content\"),r=0;r<s.length;r++)(t=(e=s[r]).getAttribute(\"data-secret\"))||(t=Math.random().toString(36).substring(2,12),e.src+=\"#?secret=\"+t,e.setAttribute(\"data-secret\",t)),e.contentWindow.postMessage({message:\"ready\",secret:t},\"*\")},!1)))}(window,document);\n\/\/# sourceURL=https:\/\/michelcremerfoundation.eu\/wp-includes\/js\/wp-embed.min.js\n\/* ]]> *\/\n<\/script>\n","description":"Prof. Jean-Luc Van Laethem Facebook Twitter Google-plus secretaire Dipl\u00f4m\u00e9 docteur en m\u00e9decine en 1988 \u00e0 l\u2019ULB, il se sp\u00e9cialise en gastro-ent\u00e9rologie, dipl\u00f4me qu\u2019il obtient en 1994. Il obtient le dipl\u00f4me d\u2019agr\u00e9g\u00e9 de l\u2019enseignement sup\u00e9rieur de l\u2019ULB en 1996. Il est Chef de la Clinique d\u2019Oncologie digestive, au sein du service de Gastroent\u00e9rologie de l\u2019H\u00f4pital Erasme (ULB) depuis 2005. Il est \u00e9galement, depuis 2013, le Chef du Service d\u2019Oncologie m\u00e9dicale et Coordinateur du Programme de Soins oncologiques de l\u2019H\u00f4pital Erasme. Sp\u00e9cialiste reconnu internationalement, son activit\u00e9 principale est la coordination de la gestion multidisciplinaire des patients ayant un cancer gastro-intestinal et la promotion de la recherche et de l\u2019enseignement dans ce domaine. Son principal centre d\u2019int\u00e9r\u00eat\u00a0: le cancer pancr\u00e9atique et le d\u00e9veloppement de plateformes qui int\u00e8grent le soin aux patients et la recherche translationnelle. \u00a0 Il est actuellement chairman du \u00ab\u00a0Pancreatic Task Force\u00a0\u00bb de l\u2019\u00a0\u00bbEuropean Organization for Research and Treatment of Cancer (EORTC) \u00ab\u00a0, ainsi que membre du Comit\u00e9 scientifique de l\u00a0\u00bb\u2019European Society of Digestive Oncology (ESDO) \u00ab\u00a0. \u00a0Secr\u00e9taire g\u00e9n\u00e9ral de la \u201cSoci\u00e9t\u00e9 Royale Belge de Gastroent\u00e9rologie (SRBGE)\u201d de 2009 \u00e0 2013, il est \u00e9galement membre du \u00ab\u00a0Belgian Group of Digestive Oncology (BGDO) \u00a0\u00bb . Ses activit\u00e9s d\u2019enseignement couvrent une participation aux DES de gastro-ent\u00e9rologie et d\u2019oncologie de l\u2019ULB. Il est \u00e9galement membre du Coll\u00e8ge d\u2019Enseignement du Certificat en gastro-ent\u00e9rologie et charg\u00e9 [&hellip;]","thumbnail_url":"https:\/\/michelcremerfoundation.eu\/wp-content\/uploads\/2020\/01\/Van-Laethem-Jean-Luc.jpg"}

Prof. Jean-Luc Van Laethem Facebook Twitter Google-plus secretaire Diplômé docteur en médecine en 1988 à l’ULB, il se spécialise en gastro-entérologie, diplôme qu’il obtient en 1994. Il obtient le diplôme d’agrégé de l’enseignement supérieur de l’ULB en 1996. Il est Chef de la Clinique d’Oncologie digestive, au sein du service de Gastroentérologie de l’Hôpital Erasme (ULB) depuis 2005. Il est également, depuis 2013, le Chef du Service d’Oncologie médicale et Coordinateur du Programme de Soins oncologiques de l’Hôpital Erasme. Spécialiste reconnu internationalement, son activité principale est la coordination de la gestion multidisciplinaire des patients ayant un cancer gastro-intestinal et la promotion de la recherche et de l’enseignement dans ce domaine. Son principal centre d’intérêt : le cancer pancréatique et le développement de plateformes qui intègrent le soin aux patients et la recherche translationnelle.   Il est actuellement chairman du « Pancreatic Task Force » de l’ »European Organization for Research and Treatment of Cancer (EORTC) « , ainsi que membre du Comité scientifique de l »’European Society of Digestive Oncology (ESDO) « .  Secrétaire général de la “Société Royale Belge de Gastroentérologie (SRBGE)” de 2009 à 2013, il est également membre du « Belgian Group of Digestive Oncology (BGDO)  » . Ses activités d’enseignement couvrent une participation aux DES de gastro-entérologie et d’oncologie de l’ULB. Il est également membre du Collège d’Enseignement du Certificat en gastro-entérologie et chargé [&hellip;]
