{"version":"1.0","provider_name":"Fondation Michel Cremer","provider_url":"https:\/\/michelcremerfoundation.eu","author_name":"Carine D'Hamers","author_url":"https:\/\/michelcremerfoundation.eu\/index.php\/author\/cdhac\/","title":"Qui sommes-nous ? - Fondation Michel Cremer","type":"rich","width":600,"height":338,"html":"<blockquote class=\"wp-embedded-content\" data-secret=\"gUw7AEhj5a\"><a href=\"https:\/\/michelcremerfoundation.eu\/index.php\/cv-sztalberg\/\">Qui sommes-nous ?<\/a><\/blockquote><iframe sandbox=\"allow-scripts\" security=\"restricted\" src=\"https:\/\/michelcremerfoundation.eu\/index.php\/cv-sztalberg\/embed\/#?secret=gUw7AEhj5a\" width=\"600\" height=\"338\" title=\"\u00ab\u00a0Qui sommes-nous ?\u00a0\u00bb &#8212; Fondation Michel Cremer\" data-secret=\"gUw7AEhj5a\" frameborder=\"0\" marginwidth=\"0\" marginheight=\"0\" scrolling=\"no\" class=\"wp-embedded-content\"><\/iframe><script type=\"text\/javascript\">\n\/* <![CDATA[ *\/\n\/*! This file is auto-generated *\/\n!function(d,l){\"use strict\";l.querySelector&&d.addEventListener&&\"undefined\"!=typeof URL&&(d.wp=d.wp||{},d.wp.receiveEmbedMessage||(d.wp.receiveEmbedMessage=function(e){var t=e.data;if((t||t.secret||t.message||t.value)&&!\/[^a-zA-Z0-9]\/.test(t.secret)){for(var s,r,n,a=l.querySelectorAll('iframe[data-secret=\"'+t.secret+'\"]'),o=l.querySelectorAll('blockquote[data-secret=\"'+t.secret+'\"]'),c=new RegExp(\"^https?:$\",\"i\"),i=0;i<o.length;i++)o[i].style.display=\"none\";for(i=0;i<a.length;i++)s=a[i],e.source===s.contentWindow&&(s.removeAttribute(\"style\"),\"height\"===t.message?(1e3<(r=parseInt(t.value,10))?r=1e3:~~r<200&&(r=200),s.height=r):\"link\"===t.message&&(r=new URL(s.getAttribute(\"src\")),n=new URL(t.value),c.test(n.protocol))&&n.host===r.host&&l.activeElement===s&&(d.top.location.href=t.value))}},d.addEventListener(\"message\",d.wp.receiveEmbedMessage,!1),l.addEventListener(\"DOMContentLoaded\",function(){for(var e,t,s=l.querySelectorAll(\"iframe.wp-embedded-content\"),r=0;r<s.length;r++)(t=(e=s[r]).getAttribute(\"data-secret\"))||(t=Math.random().toString(36).substring(2,12),e.src+=\"#?secret=\"+t,e.setAttribute(\"data-secret\",t)),e.contentWindow.postMessage({message:\"ready\",secret:t},\"*\")},!1)))}(window,document);\n\/\/# sourceURL=https:\/\/michelcremerfoundation.eu\/wp-includes\/js\/wp-embed.min.js\n\/* ]]> *\/\n<\/script>\n","description":"C\u00e9cile Sztalberg Facebook Twitter Google-plus Administrateur et d\u00e9l\u00e9gu\u00e9 \u00e0 la gestion journali\u00e8re Dipl\u00f4m\u00e9e Ing\u00e9nieur civil en chimie (ULB) en 1985, C\u00e9cile Sztalberg obtient ensuite une licence sp\u00e9ciale en\u00a0 gestion (Solvay) en 1987, une licence sp\u00e9ciale en droit fiscal (USL) en 1989 et un dipl\u00f4me d&rsquo;\u00e9tudes sp\u00e9cialis\u00e9es en Gestion int\u00e9gr\u00e9e d&rsquo;entreprises (Solvay \u2013 ULB) en 1999. Apr\u00e8s une premi\u00e8re exp\u00e9rience comme Ing\u00e9nieur R&amp;D en gestion de la qualit\u00e9 \u00e0 l\u2019UCB, elle devient Contr\u00f4leur de gestion et analyste strat\u00e9gique \u00e0 la SADACEM. Elle entre en 1994 \u00e0 L\u2019ULB comme Conseiller scientifique dans le d\u00e9partement R&amp;D Interface pour la promotion et la valorisation de projets de recherche des \u00e9quipes dans les secteurs des technologies de pr\u00e9cision et des technologies de l\u2019information et l\u2019accompagnement \u00e0 la cr\u00e9ation de start-ups. De 1999 \u00e0 2003, elle est Conseiller en charge des mati\u00e8res universitaires au Cabinet du Ministre de l\u2019enseignement sup\u00e9rieur en Communaut\u00e9 fran\u00e7aise. Apr\u00e8s avoir dirig\u00e9, de 2002 \u00e0 2013, le service de formation continue de l\u2019ULB, elle devient en 2013 Secr\u00e9taire g\u00e9n\u00e9ral de la Brussels University Alliance (BEA) entre l\u2019ULB et la VUB en vue de renforcer la collaboration entre les deux universit\u00e9s. Ses activit\u00e9s touchent tant le plan de l\u2019enseignement &#8211; avec des programmes de formation en collaboration &#8211;\u00a0 que celui de la recherche &#8211; cr\u00e9ation par les Vice-Recteurs de Joint Research Groups, de [&hellip;]","thumbnail_url":"https:\/\/michelcremerfoundation.eu\/wp-content\/uploads\/2020\/01\/cecile.jpg"}

Cécile Sztalberg Facebook Twitter Google-plus Administrateur et délégué à la gestion journalière Diplômée Ingénieur civil en chimie (ULB) en 1985, Cécile Sztalberg obtient ensuite une licence spéciale en  gestion (Solvay) en 1987, une licence spéciale en droit fiscal (USL) en 1989 et un diplôme d&rsquo;études spécialisées en Gestion intégrée d&rsquo;entreprises (Solvay – ULB) en 1999. Après une première expérience comme Ingénieur R&amp;D en gestion de la qualité à l’UCB, elle devient Contrôleur de gestion et analyste stratégique à la SADACEM. Elle entre en 1994 à L’ULB comme Conseiller scientifique dans le département R&amp;D Interface pour la promotion et la valorisation de projets de recherche des équipes dans les secteurs des technologies de précision et des technologies de l’information et l’accompagnement à la création de start-ups. De 1999 à 2003, elle est Conseiller en charge des matières universitaires au Cabinet du Ministre de l’enseignement supérieur en Communauté française. Après avoir dirigé, de 2002 à 2013, le service de formation continue de l’ULB, elle devient en 2013 Secrétaire général de la Brussels University Alliance (BEA) entre l’ULB et la VUB en vue de renforcer la collaboration entre les deux universités. Ses activités touchent tant le plan de l’enseignement &#8211; avec des programmes de formation en collaboration &#8211;  que celui de la recherche &#8211; création par les Vice-Recteurs de Joint Research Groups, de [&hellip;]
