{"version":"1.0","provider_name":"Fondation Michel Cremer","provider_url":"https:\/\/michelcremerfoundation.eu","author_name":"Carine D'Hamers","author_url":"https:\/\/michelcremerfoundation.eu\/index.php\/author\/cdhac\/","title":"Qui sommes-nous ? - Fondation Michel Cremer","type":"rich","width":600,"height":338,"html":"<blockquote class=\"wp-embedded-content\" data-secret=\"hZaGdQO4ZF\"><a href=\"https:\/\/michelcremerfoundation.eu\/index.php\/cv-beauprez\/\">Qui sommes-nous ?<\/a><\/blockquote><iframe sandbox=\"allow-scripts\" security=\"restricted\" src=\"https:\/\/michelcremerfoundation.eu\/index.php\/cv-beauprez\/embed\/#?secret=hZaGdQO4ZF\" width=\"600\" height=\"338\" title=\"\u00ab\u00a0Qui sommes-nous ?\u00a0\u00bb &#8212; Fondation Michel Cremer\" data-secret=\"hZaGdQO4ZF\" frameborder=\"0\" marginwidth=\"0\" marginheight=\"0\" scrolling=\"no\" class=\"wp-embedded-content\"><\/iframe><script type=\"text\/javascript\">\n\/* <![CDATA[ *\/\n\/*! This file is auto-generated *\/\n!function(d,l){\"use strict\";l.querySelector&&d.addEventListener&&\"undefined\"!=typeof URL&&(d.wp=d.wp||{},d.wp.receiveEmbedMessage||(d.wp.receiveEmbedMessage=function(e){var t=e.data;if((t||t.secret||t.message||t.value)&&!\/[^a-zA-Z0-9]\/.test(t.secret)){for(var s,r,n,a=l.querySelectorAll('iframe[data-secret=\"'+t.secret+'\"]'),o=l.querySelectorAll('blockquote[data-secret=\"'+t.secret+'\"]'),c=new RegExp(\"^https?:$\",\"i\"),i=0;i<o.length;i++)o[i].style.display=\"none\";for(i=0;i<a.length;i++)s=a[i],e.source===s.contentWindow&&(s.removeAttribute(\"style\"),\"height\"===t.message?(1e3<(r=parseInt(t.value,10))?r=1e3:~~r<200&&(r=200),s.height=r):\"link\"===t.message&&(r=new URL(s.getAttribute(\"src\")),n=new URL(t.value),c.test(n.protocol))&&n.host===r.host&&l.activeElement===s&&(d.top.location.href=t.value))}},d.addEventListener(\"message\",d.wp.receiveEmbedMessage,!1),l.addEventListener(\"DOMContentLoaded\",function(){for(var e,t,s=l.querySelectorAll(\"iframe.wp-embedded-content\"),r=0;r<s.length;r++)(t=(e=s[r]).getAttribute(\"data-secret\"))||(t=Math.random().toString(36).substring(2,12),e.src+=\"#?secret=\"+t,e.setAttribute(\"data-secret\",t)),e.contentWindow.postMessage({message:\"ready\",secret:t},\"*\")},!1)))}(window,document);\n\/\/# sourceURL=https:\/\/michelcremerfoundation.eu\/wp-includes\/js\/wp-embed.min.js\n\/* ]]> *\/\n<\/script>\n","description":"nancy beauprez Facebook Twitter Google-plus administrateur Dipl\u00f4m\u00e9e en secr\u00e9tariat m\u00e9dical et social en 1985, Nancy Beauprez est secr\u00e9taire administrative du D\u00e9partement de Gastro-Ent\u00e9rologie, H\u00e9pato-Pancr\u00e9atologie et Oncologie Digestive de l\u2019H\u00f4pital Erasme depuis 20 ans. Elle est \u00e9galement Coordinatrice du \u00a0\u00abGastroenterology and Endotherapy European Workshop (GEEW) \u00bb depuis 1998 et assistante du \u00ab European Society for Clinical Nutrition and Metabolism (ESPEN) \u00bb depuis 2008.\u00a0 J\u2019ai eu la chance de travailler pour le Professeur Michel Cremer pendant plusieurs ann\u00e9es. En reconnaissance de son immense contribution au d\u00e9veloppement de l\u2019endoscopie digestive diagnostique et th\u00e9rapeutique, je suis tr\u00e8s enthousiaste de pouvoir apporter mon soutien aux d\u00e9veloppements futurs de cette discipline au travers des travaux de la Fondation qui porte son nom.","thumbnail_url":"https:\/\/michelcremerfoundation.eu\/wp-content\/uploads\/2020\/01\/Photo-Nancy-Beauprez-768x510.jpg"}

nancy beauprez Facebook Twitter Google-plus administrateur Diplômée en secrétariat médical et social en 1985, Nancy Beauprez est secrétaire administrative du Département de Gastro-Entérologie, Hépato-Pancréatologie et Oncologie Digestive de l’Hôpital Erasme depuis 20 ans. Elle est également Coordinatrice du  «Gastroenterology and Endotherapy European Workshop (GEEW) » depuis 1998 et assistante du « European Society for Clinical Nutrition and Metabolism (ESPEN) » depuis 2008.  J’ai eu la chance de travailler pour le Professeur Michel Cremer pendant plusieurs années. En reconnaissance de son immense contribution au développement de l’endoscopie digestive diagnostique et thérapeutique, je suis très enthousiaste de pouvoir apporter mon soutien aux développements futurs de cette discipline au travers des travaux de la Fondation qui porte son nom.
